CRAN Package Check Results for Package PWD

Last updated on 2022-06-29 15:50:01 CEST.

Flavor Version Tinstall Tcheck Ttotal Status Flags
r-devel-linux-x86_64-debian-clang 1.0 32.18 29.04 61.22 OK
r-devel-linux-x86_64-debian-gcc 1.0 28.03 23.06 51.09 OK
r-devel-linux-x86_64-fedora-clang 1.0 96.90 NOTE
r-devel-linux-x86_64-fedora-gcc 1.0 88.49 NOTE
r-devel-windows-x86_64 1.0 31.00 74.00 105.00 OK
r-patched-linux-x86_64 1.0 24.40 29.35 53.75 OK
r-release-linux-x86_64 1.0 28.98 29.20 58.18 OK
r-release-macos-arm64 1.0 25.00 OK
r-release-macos-x86_64 1.0 35.00 OK
r-release-windows-x86_64 1.0 32.00 74.00 106.00 OK
r-oldrel-macos-arm64 1.0 30.00 OK
r-oldrel-macos-x86_64 1.0 47.00 OK
r-oldrel-windows-ix86+x86_64 1.0 80.00 71.00 151.00 OK

Check Details

Version: 1.0
Check: compiled code
Result: NOTE
    File ‘PWD/libs/PWD.so’:
     Found no calls to: ‘R_registerRoutines’, ‘R_useDynamicSymbols’
    
    It is good practice to register native routines and to disable symbol
    search.
    
    See ‘Writing portable packages’ in the ‘Writing R Extensions’ manual.
Flavors: r-devel-linux-x86_64-fedora-clang, r-devel-linux-x86_64-fedora-gcc