Last updated on 2023-12-02 15:50:05 CET.
Flavor | Version | Tinstall | Tcheck | Ttotal | Status | Flags |
---|---|---|---|---|---|---|
r-devel-linux-x86_64-debian-clang | 0.2.4 | 5.73 | 78.75 | 84.48 | OK | |
r-devel-linux-x86_64-debian-gcc | 0.2.4 | 4.29 | 59.28 | 63.57 | OK | |
r-devel-linux-x86_64-fedora-clang | 0.2.4 | 104.75 | NOTE | |||
r-devel-linux-x86_64-fedora-gcc | 0.2.4 | 112.55 | OK | |||
r-devel-windows-x86_64 | 0.2.4 | 5.00 | 88.00 | 93.00 | OK | |
r-patched-linux-x86_64 | 0.2.4 | 6.17 | 76.13 | 82.30 | OK | |
r-release-linux-x86_64 | 0.2.4 | 5.15 | 78.11 | 83.26 | OK | |
r-release-macos-arm64 | 0.2.4 | 39.00 | OK | |||
r-release-macos-x86_64 | 0.2.4 | 63.00 | OK | |||
r-release-windows-x86_64 | 0.2.4 | 6.00 | 97.00 | 103.00 | OK | |
r-oldrel-macos-arm64 | 0.2.4 | 33.00 | OK | |||
r-oldrel-macos-x86_64 | 0.2.4 | 42.00 | OK | |||
r-oldrel-windows-x86_64 | 0.2.4 | 8.00 | 95.00 | 103.00 | OK |
Version: 0.2.4
Check: Rd cross-references
Result: NOTE
Undeclared package ‘entropy’ in Rd xrefs
Flavor: r-devel-linux-x86_64-fedora-clang