Last updated on 2022-05-22 15:53:27 CEST.
Flavor | Version | Tinstall | Tcheck | Ttotal | Status | Flags |
---|---|---|---|---|---|---|
r-devel-linux-x86_64-debian-clang | 1.0.0 | 44.44 | 238.88 | 283.32 | NOTE | |
r-devel-linux-x86_64-debian-gcc | 1.0.0 | 30.87 | 162.04 | 192.91 | NOTE | |
r-devel-linux-x86_64-fedora-clang | 1.0.0 | 333.07 | NOTE | |||
r-devel-linux-x86_64-fedora-gcc | 1.0.0 | 329.31 | NOTE | |||
r-devel-windows-x86_64 | 1.0.0 | 58.00 | 297.00 | 355.00 | NOTE | |
r-patched-linux-x86_64 | 1.0.0 | 39.47 | 224.61 | 264.08 | NOTE | |
r-release-linux-x86_64 | 1.0.0 | 38.29 | 228.34 | 266.63 | NOTE | |
r-release-macos-arm64 | 1.0.0 | 106.00 | NOTE | |||
r-release-macos-x86_64 | 1.0.0 | 149.00 | NOTE | |||
r-release-windows-x86_64 | 1.0.0 | 67.00 | 292.00 | 359.00 | NOTE | |
r-oldrel-macos-arm64 | 1.0.0 | 119.00 | NOTE | |||
r-oldrel-macos-x86_64 | 1.0.0 | 206.00 | NOTE | |||
r-oldrel-windows-ix86+x86_64 | 1.0.0 | 99.00 | 340.00 | 439.00 | NOTE |
Version: 1.0.0
Check: LazyData
Result: NOTE
'LazyData' is specified without a 'data' directory
Flavors: r-devel-linux-x86_64-debian-clang, r-devel-linux-x86_64-debian-gcc, r-devel-linux-x86_64-fedora-clang, r-devel-linux-x86_64-fedora-gcc, r-devel-windows-x86_64, r-patched-linux-x86_64, r-release-linux-x86_64, r-release-macos-arm64, r-release-macos-x86_64, r-release-windows-x86_64, r-oldrel-macos-arm64, r-oldrel-macos-x86_64, r-oldrel-windows-ix86+x86_64