CRAN Package Check Results for Package PQLseq

Last updated on 2025-01-19 03:49:26 CET.

Flavor Version Tinstall Tcheck Ttotal Status Flags
r-devel-linux-x86_64-debian-clang 1.2.1 32.09 55.56 87.65 NOTE
r-devel-linux-x86_64-debian-gcc 1.2.1 25.73 42.48 68.21 NOTE
r-devel-linux-x86_64-fedora-clang 1.2.1 157.47 NOTE
r-devel-linux-x86_64-fedora-gcc 1.2.1 157.05 NOTE
r-devel-windows-x86_64 1.2.1 38.00 89.00 127.00 NOTE
r-patched-linux-x86_64 1.2.1 35.97 52.03 88.00 NOTE
r-release-linux-x86_64 1.2.1 34.06 52.95 87.01 NOTE
r-release-macos-arm64 1.2.1 44.00 NOTE
r-release-macos-x86_64 1.2.1 60.00 NOTE
r-release-windows-x86_64 1.2.1 40.00 89.00 129.00 NOTE
r-oldrel-macos-arm64 1.2.1 53.00 NOTE
r-oldrel-macos-x86_64 1.2.1 84.00 NOTE
r-oldrel-windows-x86_64 1.2.1 45.00 114.00 159.00 NOTE

Check Details

Version: 1.2.1
Check: C++ specification
Result: NOTE Specified C++11: please drop specification unless essential Flavors: r-devel-linux-x86_64-debian-clang, r-devel-linux-x86_64-debian-gcc, r-devel-linux-x86_64-fedora-clang, r-devel-linux-x86_64-fedora-gcc, r-devel-windows-x86_64, r-patched-linux-x86_64, r-release-linux-x86_64, r-release-macos-arm64, r-release-macos-x86_64, r-release-windows-x86_64, r-oldrel-macos-arm64, r-oldrel-macos-x86_64, r-oldrel-windows-x86_64