CRAN Package Check Results for Package POSTm

Last updated on 2022-05-27 15:51:47 CEST.

Flavor Version Tinstall Tcheck Ttotal Status Flags
r-devel-linux-x86_64-debian-clang 1.1 3.55 92.90 96.45 OK
r-devel-linux-x86_64-debian-gcc 1.1 3.07 66.66 69.73 OK
r-devel-linux-x86_64-fedora-clang 1.1 115.34 OK
r-devel-linux-x86_64-fedora-gcc 1.1 114.79 OK
r-devel-windows-x86_64 1.1 12.00 115.00 127.00 OK
r-patched-linux-x86_64 1.1 3.13 87.94 91.07 OK
r-release-linux-x86_64 1.1 3.37 89.27 92.64 OK
r-release-macos-arm64 1.1 34.00 NOTE
r-release-macos-x86_64 1.1 52.00 OK
r-release-windows-x86_64 1.1 17.00 118.00 135.00 OK
r-oldrel-macos-arm64 1.1 33.00 OK
r-oldrel-macos-x86_64 1.1 70.00 OK
r-oldrel-windows-ix86+x86_64 1.1 9.00 125.00 134.00 OK

Check Details

Version: 1.1
Check: package dependencies
Result: NOTE
    Package suggested but not available for checking: ‘multtest’
Flavor: r-release-macos-arm64