Last updated on 2022-06-28 03:51:39 CEST.
Flavor | Version | Tinstall | Tcheck | Ttotal | Status | Flags |
---|---|---|---|---|---|---|
r-devel-linux-x86_64-debian-clang | 1.0.2 | 57.63 | 58.31 | 115.94 | OK | |
r-devel-linux-x86_64-debian-gcc | 1.0.2 | 43.06 | 44.11 | 87.17 | OK | |
r-devel-linux-x86_64-fedora-clang | 1.0.2 | 162.33 | OK | |||
r-devel-linux-x86_64-fedora-gcc | 1.0.2 | 152.08 | OK | |||
r-devel-windows-x86_64 | 1.0.2 | 54.00 | 101.00 | 155.00 | OK | |
r-patched-linux-x86_64 | 1.0.2 | 46.29 | 57.54 | 103.83 | OK | |
r-release-linux-x86_64 | 1.0.2 | 48.97 | 58.45 | 107.42 | OK | |
r-release-macos-arm64 | 1.0.2 | 42.00 | NOTE | |||
r-release-macos-x86_64 | 1.0.2 | 56.00 | NOTE | |||
r-release-windows-x86_64 | 1.0.2 | 52.00 | 104.00 | 156.00 | OK | |
r-oldrel-macos-arm64 | 1.0.2 | 41.00 | NOTE | |||
r-oldrel-macos-x86_64 | 1.0.2 | 53.00 | NOTE | |||
r-oldrel-windows-ix86+x86_64 | 1.0.2 | 118.00 | 126.00 | 244.00 | OK |
Version: 1.0.2
Check: installed package size
Result: NOTE
installed size is 5.6Mb
sub-directories of 1Mb or more:
libs 5.4Mb
Flavors: r-release-macos-arm64, r-release-macos-x86_64, r-oldrel-macos-arm64, r-oldrel-macos-x86_64