CRAN Package Check Results for Package PDN

Last updated on 2022-05-27 04:56:44 CEST.

Flavor Version Tinstall Tcheck Ttotal Status Flags
r-devel-linux-x86_64-debian-clang 0.1.0 11.23 170.88 182.11 OK
r-devel-linux-x86_64-debian-gcc 0.1.0 8.06 125.93 133.99 OK
r-devel-linux-x86_64-fedora-clang 0.1.0 225.18 NOTE
r-devel-linux-x86_64-fedora-gcc 0.1.0 208.25 NOTE
r-devel-windows-x86_64 0.1.0 16.00 184.00 200.00 OK
r-patched-linux-x86_64 0.1.0 9.28 163.66 172.94 OK
r-release-linux-x86_64 0.1.0 6.78 162.22 169.00 OK
r-release-macos-arm64 0.1.0 56.00 NOTE
r-release-macos-x86_64 0.1.0 114.00 NOTE
r-release-windows-x86_64 0.1.0 18.00 182.00 200.00 OK
r-oldrel-macos-arm64 0.1.0 60.00 NOTE
r-oldrel-macos-x86_64 0.1.0 97.00 NOTE
r-oldrel-windows-ix86+x86_64 0.1.0 26.00 183.00 209.00 OK

Check Details

Version: 0.1.0
Check: dependencies in R code
Result: NOTE
    Namespace in Imports field not imported from: ‘glmnet’
     All declared Imports should be used.
Flavors: r-devel-linux-x86_64-fedora-clang, r-devel-linux-x86_64-fedora-gcc, r-release-macos-arm64, r-release-macos-x86_64, r-oldrel-macos-arm64, r-oldrel-macos-x86_64