Last updated on 2022-05-28 15:51:04 CEST.
Flavor | Version | Tinstall | Tcheck | Ttotal | Status | Flags |
---|---|---|---|---|---|---|
r-devel-linux-x86_64-debian-clang | 0.4 | 21.76 | 196.00 | 217.76 | OK | |
r-devel-linux-x86_64-debian-gcc | 0.4 | 17.25 | 147.95 | 165.20 | OK | |
r-devel-linux-x86_64-fedora-clang | 0.4 | 255.04 | OK | |||
r-devel-linux-x86_64-fedora-gcc | 0.4 | 252.77 | OK | |||
r-devel-windows-x86_64 | 0.4 | 22.00 | 192.00 | 214.00 | OK | |
r-patched-linux-x86_64 | 0.4 | 19.26 | 183.52 | 202.78 | OK | |
r-release-linux-x86_64 | 0.4 | 18.77 | 185.87 | 204.64 | OK | |
r-release-macos-arm64 | 0.4 | 7.00 | ERROR | |||
r-release-macos-x86_64 | 0.4 | 92.00 | OK | |||
r-release-windows-x86_64 | 0.4 | 23.00 | 191.00 | 214.00 | OK | |
r-oldrel-macos-arm64 | 0.4 | 6.00 | ERROR | |||
r-oldrel-macos-x86_64 | 0.4 | 106.00 | OK | |||
r-oldrel-windows-ix86+x86_64 | 0.4 | 45.00 | 186.00 | 231.00 | OK |
Version: 0.4
Check: package dependencies
Result: ERROR
Package required but not available: ‘safe’
See section ‘The DESCRIPTION file’ in the ‘Writing R Extensions’
manual.
Flavors: r-release-macos-arm64, r-oldrel-macos-arm64