CRAN Package Check Results for Package OutlierDM

Last updated on 2022-01-22 15:52:19 CET.

Flavor Version Tinstall Tcheck Ttotal Status Flags
r-devel-linux-x86_64-debian-clang 1.1.1 16.93 143.95 160.88 NOTE
r-devel-linux-x86_64-debian-gcc 1.1.1 15.44 108.84 124.28 NOTE
r-devel-linux-x86_64-fedora-clang 1.1.1 194.45 NOTE
r-devel-linux-x86_64-fedora-gcc 1.1.1 192.62 NOTE
r-devel-windows-x86_64-new-UL 1.1.1 47.00 159.00 206.00 NOTE
r-devel-windows-x86_64-new-TK 1.1.1 NOTE
r-patched-linux-x86_64 1.1.1 15.06 136.39 151.45 NOTE
r-release-linux-x86_64 1.1.1 12.15 136.48 148.63 NOTE
r-release-macos-arm64 1.1.1 NOTE
r-release-macos-x86_64 1.1.1 NOTE
r-release-windows-ix86+x86_64 1.1.1 42.00 154.00 196.00 NOTE
r-oldrel-macos-x86_64 1.1.1 NOTE
r-oldrel-windows-ix86+x86_64 1.1.1 41.00 159.00 200.00 NOTE

Check Details

Version: 1.1.1
Check: DESCRIPTION meta-information
Result: NOTE
    Malformed Description field: should contain one or more complete sentences.
Flavors: r-devel-linux-x86_64-debian-clang, r-devel-linux-x86_64-debian-gcc, r-devel-linux-x86_64-fedora-clang, r-devel-linux-x86_64-fedora-gcc, r-devel-windows-x86_64-new-UL, r-devel-windows-x86_64-new-TK, r-patched-linux-x86_64, r-release-linux-x86_64, r-release-macos-arm64, r-release-macos-x86_64, r-release-windows-ix86+x86_64, r-oldrel-macos-x86_64, r-oldrel-windows-ix86+x86_64

Version: 1.1.1
Check: R code for possible problems
Result: NOTE
    odm: no visible binding for global variable 'sd'
    odm : <anonymous>: no visible global function definition for 'sd'
    odm : <anonymous>: no visible global function definition for 'quantile'
    odm: no visible global function definition for 'prcomp'
    quant.const: no visible global function definition for 'quantile'
    quant.const.D: no visible global function definition for 'reshape'
    quant.const.D: no visible global function definition for 'quantile'
    quant.linear.D: no visible global function definition for 'reshape'
    quant.nonlin : FrankModel: no visible global function definition for
     'qt'
    quant.nonlin : FrankModel: no visible global function definition for
     'pt'
    quant.nonlin: no visible global function definition for 'predict'
    quant.nonlin.D: no visible global function definition for 'reshape'
    quant.nonlin.D: no visible global function definition for 'predict'
    quant.nonpar.D: no visible global function definition for 'reshape'
    rgrubbs.test: no visible global function definition for 'sd'
    plot,OutlierDM-missing: no visible binding for global variable 'pch'
    summary,OutlierDM: no visible global function definition for 'head'
    Undefined global functions or variables:
     head pch prcomp predict pt qt quantile reshape sd
    Consider adding
     importFrom("stats", "prcomp", "predict", "pt", "qt", "quantile",
     "reshape", "sd")
     importFrom("utils", "head")
    to your NAMESPACE file.
Flavors: r-devel-linux-x86_64-debian-clang, r-devel-linux-x86_64-debian-gcc, r-devel-linux-x86_64-fedora-clang, r-devel-linux-x86_64-fedora-gcc, r-devel-windows-x86_64-new-UL, r-devel-windows-x86_64-new-TK, r-patched-linux-x86_64, r-release-linux-x86_64, r-release-macos-arm64, r-release-macos-x86_64, r-release-windows-ix86+x86_64, r-oldrel-macos-x86_64, r-oldrel-windows-ix86+x86_64