CRAN Package Check Results for Package OptionPricing

Last updated on 2022-01-21 16:51:01 CET.

Flavor Version Tinstall Tcheck Ttotal Status Flags
r-devel-linux-x86_64-debian-clang 0.1 4.85 43.26 48.11 NOTE
r-devel-linux-x86_64-debian-gcc 0.1 3.62 33.43 37.05 NOTE
r-devel-linux-x86_64-fedora-clang 0.1 59.87 NOTE
r-devel-linux-x86_64-fedora-gcc 0.1 50.70 NOTE
r-devel-windows-x86_64-new-UL 0.1 50.00 64.00 114.00 NOTE
r-devel-windows-x86_64-new-TK 0.1 NOTE
r-patched-linux-x86_64 0.1 3.94 41.63 45.57 NOTE
r-release-linux-x86_64 0.1 5.41 41.79 47.20 NOTE
r-release-macos-arm64 0.1 NOTE
r-release-macos-x86_64 0.1 NOTE
r-release-windows-ix86+x86_64 0.1 9.00 49.00 58.00 NOTE
r-oldrel-macos-x86_64 0.1 NOTE
r-oldrel-windows-ix86+x86_64 0.1 6.00 46.00 52.00 NOTE

Check Details

Version: 0.1
Check: R code for possible problems
Result: NOTE
    AsianCall_AppLord : q: no visible global function definition for
     'dnorm'
    AsianCall_AppLord: no visible global function definition for
     'integrate'
    AsianCall_CMC_CV: no visible global function definition for 'rnorm'
    AsianCall_CMC_CV: no visible global function definition for 'pnorm'
    AsianCall_CMC_CV: no visible global function definition for 'lm'
    AsianCall_CMC_CV: no visible global function definition for 'sd'
    AsianCall_NCV_CMC_QCV_greeks: no visible global function definition for
     'rnorm'
    AsianCall_NCV_CMC_QCV_greeks: no visible global function definition for
     'pnorm'
    AsianCall_NCV_CMC_QCV_greeks: no visible global function definition for
     'dnorm'
    AsianCall_NCV_CMC_QCV_greeks: no visible global function definition for
     'lm'
    AsianCall_NCV_CMC_QCV_greeks: no visible global function definition for
     'sd'
    AsianCall_NCV_CMC_QCV_greeks_Z: no visible global function definition
     for 'pnorm'
    AsianCall_NCV_CMC_QCV_greeks_Z: no visible global function definition
     for 'dnorm'
    AsianCall_NCV_CMC_QCV_greeks_qmc: no visible global function definition
     for 'runif'
    AsianCall_NCV_CMC_QCV_greeks_qmc: no visible global function definition
     for 'qnorm'
    AsianCall_NCV_CMC_QCV_greeks_qmc: no visible global function definition
     for 'lm'
    AsianCall_NCV_CMC_QCV_greeks_qmc: no visible global function definition
     for 'hist'
    AsianCall_NCV_CMC_QCV_greeks_qmc: no visible binding for global
     variable 'sd'
    AsianCall_NCV_CMC_greeks_Z: no visible global function definition for
     'pnorm'
    AsianCall_NCV_CMC_greeks_Z: no visible global function definition for
     'dnorm'
    AsianCall_NCV_CMC_greeks_qmc: no visible global function definition for
     'qnorm'
    AsianCall_NCV_CMC_greeks_qmc: no visible global function definition for
     'runif'
    AsianCall_NCV_CMC_greeks_qmc: no visible global function definition for
     'lm'
    AsianCall_NCV_CMC_greeks_qmc: no visible binding for global variable
     'sd'
    AsianCall_NCV_LR_greeks: no visible global function definition for
     'rnorm'
    AsianCall_NCV_LR_greeks: no visible global function definition for 'sd'
    AsianCall_naive_greeks: no visible global function definition for
     'rnorm'
    AsianCall_naive_greeks: no visible global function definition for 'sd'
    AsianCall_naive_greeks_qmc: no visible global function definition for
     'runif'
    AsianCall_naive_greeks_qmc: no visible global function definition for
     'qnorm'
    AsianCall_naive_greeks_qmc: no visible binding for global variable 'sd'
    BS_A: no visible global function definition for 'pnorm'
    BS_EC: no visible global function definition for 'pnorm'
    BS_EP: no visible global function definition for 'pnorm'
    evalECV: no visible global function definition for 'pnorm'
    evalECV: no visible global function definition for 'dnorm'
    evalECV_A: no visible global function definition for 'pnorm'
    evalEQCV: no visible global function definition for 'pnorm'
    evalEQCV: no visible global function definition for 'dnorm'
    evalLB: no visible global function definition for 'pnorm'
    evalLB: no visible global function definition for 'dnorm'
    eval_equad: no visible global function definition for 'pnorm'
    findQmat: no visible global function definition for 'uniroot'
    findQmat: no visible global function definition for 'pnorm'
    findbcv: no visible global function definition for 'uniroot'
    Undefined global functions or variables:
     dnorm hist integrate lm pnorm qnorm rnorm runif sd uniroot
    Consider adding
     importFrom("graphics", "hist")
     importFrom("stats", "dnorm", "integrate", "lm", "pnorm", "qnorm",
     "rnorm", "runif", "sd", "uniroot")
    to your NAMESPACE file.
Flavors: r-devel-linux-x86_64-debian-clang, r-devel-linux-x86_64-debian-gcc, r-devel-linux-x86_64-fedora-clang, r-devel-linux-x86_64-fedora-gcc, r-devel-windows-x86_64-new-UL, r-devel-windows-x86_64-new-TK, r-patched-linux-x86_64, r-release-linux-x86_64, r-release-macos-arm64, r-release-macos-x86_64, r-release-windows-ix86+x86_64, r-oldrel-macos-x86_64, r-oldrel-windows-ix86+x86_64