CRAN Package Check Results for Package OpenSpecy

Last updated on 2022-06-29 15:49:59 CEST.

Flavor Version Tinstall Tcheck Ttotal Status Flags
r-devel-linux-x86_64-debian-clang 0.9.3 12.45 105.07 117.52 OK
r-devel-linux-x86_64-debian-gcc 0.9.3 9.84 78.66 88.50 ERROR
r-devel-linux-x86_64-fedora-clang 0.9.3 158.16 ERROR
r-devel-linux-x86_64-fedora-gcc 0.9.3 156.82 ERROR
r-devel-windows-x86_64 0.9.3 43.00 136.00 179.00 OK
r-patched-linux-x86_64 0.9.3 8.67 99.82 108.49 OK
r-release-linux-x86_64 0.9.3 7.33 98.64 105.97 OK
r-release-macos-arm64 0.9.3 40.00 OK
r-release-macos-x86_64 0.9.3 64.00 OK
r-release-windows-x86_64 0.9.3 81.00 133.00 214.00 OK
r-oldrel-macos-arm64 0.9.3 43.00 OK
r-oldrel-macos-x86_64 0.9.3 57.00 OK
r-oldrel-windows-ix86+x86_64 0.9.3 27.00 133.00 160.00 OK

Check Details

Version: 0.9.3
Check: tests
Result: ERROR
     Running ‘testthat.R’ [5s/9s]
    Running the tests in ‘tests/testthat.R’ failed.
    Complete output:
     > library(testthat)
     > library(OpenSpecy)
     >
     > test_check("OpenSpecy")
     [ FAIL 1 | WARN 0 | SKIP 4 | PASS 95 ]
    
     ══ Skipped tests ═══════════════════════════════════════════════════════════════
     • On CRAN (4)
    
     ══ Failed tests ════════════════════════════════════════════════════════════════
     ── Error (test-read_spec.R:60:3): read_jdx() gives expected output ─────────────
     Error in `gsub("([[:blank:]][$][$].*)$", "", hdr)`: input string 15 is invalid
     Backtrace:
     ▆
     1. ├─testthat::expect_match(...) at test-read_spec.R:60:2
     2. │ └─testthat::quasi_label(enquo(object), label, arg = "object")
     3. │ └─rlang::eval_bare(expr, quo_get_env(quo))
     4. ├─testthat::capture_messages(suppressWarnings(jdx <- read_jdx(read_extdata("fitr_nitrocellulose.jdx"))))
     5. │ └─base::withCallingHandlers(...)
     6. ├─base::suppressWarnings(jdx <- read_jdx(read_extdata("fitr_nitrocellulose.jdx")))
     7. │ └─base::withCallingHandlers(...)
     8. └─OpenSpecy::read_jdx(read_extdata("fitr_nitrocellulose.jdx"))
     9. └─hyperSpec::read.jdx(file, ...)
     10. ├─utils::modifyList(...)
     11. │ └─base::stopifnot(is.list(x), is.list(val))
     12. └─hyperSpec:::.jdx.readhdr(jdx[hdrstart[s]:(datastart[s] - 1)])
     13. └─base::gsub("([[:blank:]][$][$].*)$", "", hdr)
    
     [ FAIL 1 | WARN 0 | SKIP 4 | PASS 95 ]
     Error: Test failures
     Execution halted
Flavor: r-devel-linux-x86_64-debian-gcc

Version: 0.9.3
Check: tests
Result: ERROR
     Running ‘testthat.R’ [7s/36s]
    Running the tests in ‘tests/testthat.R’ failed.
    Complete output:
     > library(testthat)
     > library(OpenSpecy)
     >
     > test_check("OpenSpecy")
     [ FAIL 1 | WARN 0 | SKIP 4 | PASS 95 ]
    
     ══ Skipped tests ═══════════════════════════════════════════════════════════════
     • On CRAN (4)
    
     ══ Failed tests ════════════════════════════════════════════════════════════════
     ── Error (test-read_spec.R:60:3): read_jdx() gives expected output ─────────────
     Error in `gsub("([[:blank:]][$][$].*)$", "", hdr)`: input string 15 is invalid
     Backtrace:
     ▆
     1. ├─testthat::expect_match(...) at test-read_spec.R:60:2
     2. │ └─testthat::quasi_label(enquo(object), label, arg = "object")
     3. │ └─rlang::eval_bare(expr, quo_get_env(quo))
     4. ├─testthat::capture_messages(suppressWarnings(jdx <- read_jdx(read_extdata("fitr_nitrocellulose.jdx"))))
     5. │ └─base::withCallingHandlers(...)
     6. ├─base::suppressWarnings(jdx <- read_jdx(read_extdata("fitr_nitrocellulose.jdx")))
     7. │ └─base::withCallingHandlers(...)
     8. └─OpenSpecy::read_jdx(read_extdata("fitr_nitrocellulose.jdx"))
     9. └─hyperSpec::read.jdx(file, ...)
     10. ├─utils::modifyList(...)
     11. │ └─base::stopifnot(is.list(x), is.list(val))
     12. └─hyperSpec:::.jdx.readhdr(jdx[hdrstart[s]:(datastart[s] - 1)])
     13. └─base::gsub("([[:blank:]][$][$].*)$", "", hdr)
    
     [ FAIL 1 | WARN 0 | SKIP 4 | PASS 95 ]
     Error: Test failures
     Execution halted
Flavor: r-devel-linux-x86_64-fedora-clang

Version: 0.9.3
Check: tests
Result: ERROR
     Running ‘testthat.R’ [8s/14s]
    Running the tests in ‘tests/testthat.R’ failed.
    Complete output:
     > library(testthat)
     > library(OpenSpecy)
     >
     > test_check("OpenSpecy")
     [ FAIL 1 | WARN 0 | SKIP 4 | PASS 95 ]
    
     ══ Skipped tests ═══════════════════════════════════════════════════════════════
     • On CRAN (4)
    
     ══ Failed tests ════════════════════════════════════════════════════════════════
     ── Error (test-read_spec.R:60:3): read_jdx() gives expected output ─────────────
     Error in `gsub("([[:blank:]][$][$].*)$", "", hdr)`: input string 15 is invalid
     Backtrace:
     ▆
     1. ├─testthat::expect_match(...) at test-read_spec.R:60:2
     2. │ └─testthat::quasi_label(enquo(object), label, arg = "object")
     3. │ └─rlang::eval_bare(expr, quo_get_env(quo))
     4. ├─testthat::capture_messages(suppressWarnings(jdx <- read_jdx(read_extdata("fitr_nitrocellulose.jdx"))))
     5. │ └─base::withCallingHandlers(...)
     6. ├─base::suppressWarnings(jdx <- read_jdx(read_extdata("fitr_nitrocellulose.jdx")))
     7. │ └─base::withCallingHandlers(...)
     8. └─OpenSpecy::read_jdx(read_extdata("fitr_nitrocellulose.jdx"))
     9. └─hyperSpec::read.jdx(file, ...)
     10. ├─utils::modifyList(...)
     11. │ └─base::stopifnot(is.list(x), is.list(val))
     12. └─hyperSpec:::.jdx.readhdr(jdx[hdrstart[s]:(datastart[s] - 1)])
     13. └─base::gsub("([[:blank:]][$][$].*)$", "", hdr)
    
     [ FAIL 1 | WARN 0 | SKIP 4 | PASS 95 ]
     Error: Test failures
     Execution halted
Flavor: r-devel-linux-x86_64-fedora-gcc