Last updated on 2023-12-02 15:50:03 CET.
Flavor | Version | Tinstall | Tcheck | Ttotal | Status | Flags |
---|---|---|---|---|---|---|
r-devel-linux-x86_64-debian-clang | 3.0.0 | 11.20 | 264.68 | 275.88 | OK | |
r-devel-linux-x86_64-debian-gcc | 3.0.0 | 9.00 | 192.71 | 201.71 | OK | |
r-devel-linux-x86_64-fedora-clang | 3.0.0 | 335.95 | NOTE | |||
r-devel-linux-x86_64-fedora-gcc | 3.0.0 | 335.11 | NOTE | |||
r-devel-windows-x86_64 | 3.0.0 | 12.00 | 215.00 | 227.00 | OK | |
r-patched-linux-x86_64 | 3.0.0 | 13.12 | 251.52 | 264.64 | OK | |
r-release-linux-x86_64 | 3.0.0 | 10.42 | 252.07 | 262.49 | OK | |
r-release-macos-arm64 | 3.0.0 | 101.00 | OK | |||
r-release-macos-x86_64 | 3.0.0 | 281.00 | OK | |||
r-release-windows-x86_64 | 3.0.0 | 13.00 | 270.00 | 283.00 | OK | |
r-oldrel-macos-arm64 | 3.0.0 | 118.00 | OK | |||
r-oldrel-macos-x86_64 | 3.0.0 | 139.00 | OK | |||
r-oldrel-windows-x86_64 | 3.0.0 | 17.00 | 261.00 | 278.00 | OK |
Version: 3.0.0
Check: data for non-ASCII characters
Result: NOTE
Note: found 2 marked UTF-8 strings
Flavors: r-devel-linux-x86_64-fedora-clang, r-devel-linux-x86_64-fedora-gcc