Last updated on 2022-06-26 15:53:05 CEST.
Flavor | Version | Tinstall | Tcheck | Ttotal | Status | Flags |
---|---|---|---|---|---|---|
r-devel-linux-x86_64-debian-clang | 1.1-1 | 5.33 | 37.73 | 43.06 | NOTE | |
r-devel-linux-x86_64-debian-gcc | 1.1-1.1 | 3.65 | 28.84 | 32.49 | OK | |
r-devel-linux-x86_64-fedora-clang | 1.1-1.1 | 54.13 | OK | |||
r-devel-linux-x86_64-fedora-gcc | 1.1-1.1 | 58.62 | OK | |||
r-devel-windows-x86_64 | 1.1-1.1 | 116.00 | 57.00 | 173.00 | OK | |
r-patched-linux-x86_64 | 1.1-1.1 | 5.03 | 33.24 | 38.27 | OK | |
r-release-linux-x86_64 | 1.1-1.1 | 5.42 | 33.53 | 38.95 | OK | |
r-release-macos-arm64 | 1.1-1.1 | 18.00 | OK | |||
r-release-macos-x86_64 | 1.1-1.1 | 27.00 | OK | |||
r-release-windows-x86_64 | 1.1-1 | 23.00 | 56.00 | 79.00 | NOTE | |
r-oldrel-macos-arm64 | 1.1-1.1 | 17.00 | OK | |||
r-oldrel-macos-x86_64 | 1.1-1.1 | 26.00 | OK | |||
r-oldrel-windows-ix86+x86_64 | 1.1-1.1 | 9.00 | 47.00 | 56.00 | OK |
Version: 1.1-1
Check: R code for possible problems
Result: NOTE
.newReportId : <anonymous>: no visible global function definition for
'runif'
Undefined global functions or variables:
runif
Consider adding
importFrom("stats", "runif")
to your NAMESPACE file.
Flavors: r-devel-linux-x86_64-debian-clang, r-release-windows-x86_64