Last updated on 2022-05-27 15:51:45 CEST.
Flavor | Version | Tinstall | Tcheck | Ttotal | Status | Flags |
---|---|---|---|---|---|---|
r-devel-linux-x86_64-debian-clang | 0.2.4 | 14.93 | 177.67 | 192.60 | OK | |
r-devel-linux-x86_64-debian-gcc | 0.2.4 | 12.72 | 136.79 | 149.51 | OK | |
r-devel-linux-x86_64-fedora-clang | 0.2.4 | 230.21 | NOTE | |||
r-devel-linux-x86_64-fedora-gcc | 0.2.4 | 225.29 | NOTE | |||
r-devel-windows-x86_64 | 0.2.4 | 35.00 | 203.00 | 238.00 | OK | |
r-patched-linux-x86_64 | 0.2.4 | 16.41 | 165.44 | 181.85 | OK | |
r-release-linux-x86_64 | 0.2.4 | 11.91 | 167.91 | 179.82 | OK | |
r-release-macos-arm64 | 0.2.4 | 63.00 | NOTE | |||
r-release-macos-x86_64 | 0.2.4 | 109.00 | NOTE | |||
r-release-windows-x86_64 | 0.2.4 | 32.00 | 199.00 | 231.00 | OK | |
r-oldrel-macos-arm64 | 0.2.4 | 80.00 | NOTE | |||
r-oldrel-macos-x86_64 | 0.2.4 | 122.00 | NOTE | |||
r-oldrel-windows-ix86+x86_64 | 0.2.4 | 38.00 | 200.00 | 238.00 | OK |
Version: 0.2.4
Check: dependencies in R code
Result: NOTE
Namespaces in Imports field not imported from:
‘Matrix’ ‘e1071’ ‘glmnet’
All declared Imports should be used.
Flavors: r-devel-linux-x86_64-fedora-clang, r-devel-linux-x86_64-fedora-gcc, r-release-macos-arm64, r-release-macos-x86_64, r-oldrel-macos-arm64, r-oldrel-macos-x86_64