CRAN Package Check Results for Package NlinTS

Last updated on 2022-05-20 15:52:13 CEST.

Flavor Version Tinstall Tcheck Ttotal Status Flags
r-devel-linux-x86_64-debian-clang 1.4.5 143.44 63.81 207.25 OK
r-devel-linux-x86_64-debian-gcc 1.4.5 113.97 49.15 163.12 OK
r-devel-linux-x86_64-fedora-clang 1.4.5 302.42 NOTE
r-devel-linux-x86_64-fedora-gcc 1.4.5 274.12 OK
r-devel-windows-x86_64 1.4.5 125.00 97.00 222.00 OK
r-patched-linux-x86_64 1.4.5 108.02 62.20 170.22 OK
r-release-linux-x86_64 1.4.5 119.01 63.20 182.21 OK
r-release-macos-arm64 1.4.5 67.00 NOTE
r-release-macos-x86_64 1.4.5 83.00 NOTE
r-release-windows-x86_64 1.4.5 121.00 105.00 226.00 OK
r-oldrel-macos-arm64 1.4.5 75.00 NOTE
r-oldrel-macos-x86_64 1.4.5 119.00 NOTE
r-oldrel-windows-ix86+x86_64 1.4.5 323.00 113.00 436.00 OK

Check Details

Version: 1.4.5
Check: installed package size
Result: NOTE
     installed size is 6.2Mb
     sub-directories of 1Mb or more:
     libs 6.0Mb
Flavors: r-devel-linux-x86_64-fedora-clang, r-release-macos-arm64, r-release-macos-x86_64, r-oldrel-macos-arm64, r-oldrel-macos-x86_64