CRAN Package Check Results for Package NipponMap

Last updated on 2022-12-05 15:54:24 CET.

Flavor Version Tinstall Tcheck Ttotal Status Flags
r-devel-linux-x86_64-debian-clang 0.2 6.44 61.55 67.99 NOTE
r-devel-linux-x86_64-debian-gcc 0.2 4.73 45.90 50.63 NOTE
r-devel-linux-x86_64-fedora-clang 0.2 96.67 NOTE
r-devel-linux-x86_64-fedora-gcc 0.2 88.04 NOTE
r-devel-windows-x86_64 0.2 14.00 87.00 101.00 NOTE
r-patched-linux-x86_64 0.2 6.07 57.03 63.10 NOTE
r-release-linux-x86_64 0.2 6.29 58.65 64.94 NOTE
r-release-macos-arm64 0.2 22.00 NOTE
r-release-macos-x86_64 0.2 35.00 NOTE
r-release-windows-x86_64 0.2 13.00 88.00 101.00 NOTE
r-oldrel-macos-arm64 0.2 34.00 NOTE
r-oldrel-macos-x86_64 0.2 42.00 NOTE
r-oldrel-windows-ix86+x86_64 0.2 15.00 81.00 96.00 OK

Check Details

Version: 0.2
Check: package dependencies
Result: NOTE
    Package which this enhances but not available for checking: 'jpndistrict'
Flavors: r-devel-linux-x86_64-debian-clang, r-devel-linux-x86_64-debian-gcc, r-devel-linux-x86_64-fedora-clang, r-devel-linux-x86_64-fedora-gcc, r-devel-windows-x86_64, r-patched-linux-x86_64, r-release-linux-x86_64, r-release-macos-arm64, r-release-macos-x86_64, r-release-windows-x86_64, r-oldrel-macos-arm64, r-oldrel-macos-x86_64

Version: 0.2
Check: Rd cross-references
Result: NOTE
    Undeclared packages ‘cshapes’, ‘mapdata’ in Rd xrefs
Flavor: r-devel-linux-x86_64-fedora-clang