CRAN Package Check Results for Package NetOrigin

Last updated on 2025-01-25 03:49:59 CET.

Flavor Version Tinstall Tcheck Ttotal Status Flags
r-devel-linux-x86_64-debian-clang 1.1-6 4.27 48.66 52.93 NOTE
r-devel-linux-x86_64-debian-gcc 1.1-6 3.53 35.14 38.67 NOTE
r-devel-linux-x86_64-fedora-clang 1.1-6 88.84 OK
r-devel-linux-x86_64-fedora-gcc 1.1-6 81.71 OK
r-devel-windows-x86_64 1.1-6 7.00 68.00 75.00 NOTE
r-patched-linux-x86_64 1.1-6 11.20 46.24 57.44 OK
r-release-linux-x86_64 1.1-6 4.32 46.07 50.39 OK
r-release-macos-arm64 1.1-6 32.00 OK
r-release-macos-x86_64 1.1-6 44.00 OK
r-release-windows-x86_64 1.1-6 6.00 69.00 75.00 OK
r-oldrel-macos-arm64 1.1-6 31.00 OK
r-oldrel-macos-x86_64 1.1-6 61.00 OK
r-oldrel-windows-x86_64 1.1-6 8.00 81.00 89.00 OK

Check Details

Version: 1.1-6
Check: Rd cross-references
Result: NOTE Found the following Rd file(s) with Rd \link{} targets missing package anchors: analyze_ptn.Rd: igraph origin-methods.Rd: igraph origin_multiple.Rd: fastgreedy.community, leading.eigenvector.community plot_ptn.Rd: igraph, plot.igraph Please provide package anchors for all Rd \link{} targets not in the package itself and the base packages. Flavors: r-devel-linux-x86_64-debian-clang, r-devel-linux-x86_64-debian-gcc, r-devel-windows-x86_64