CRAN Package Check Results for Package NetMix

Last updated on 2022-05-18 15:49:09 CEST.

Flavor Version Tinstall Tcheck Ttotal Status Flags
r-devel-linux-x86_64-debian-clang 0.2.0 81.19 120.40 201.59 WARN
r-devel-linux-x86_64-debian-gcc 0.2.0 66.95 89.12 156.07 OK
r-devel-linux-x86_64-fedora-clang 0.2.0 268.72 WARN
r-devel-linux-x86_64-fedora-gcc 0.2.0 258.05 OK
r-devel-windows-x86_64 0.2.0 82.00 177.00 259.00 OK
r-patched-linux-x86_64 0.2.0 70.10 113.85 183.95 OK
r-release-linux-x86_64 0.2.0 72.99 117.30 190.29 OK
r-release-macos-arm64 0.2.0 62.00 OK
r-release-macos-x86_64 0.2.0 83.00 OK
r-release-windows-x86_64 0.2.0 68.00 176.00 244.00 OK
r-oldrel-macos-arm64 0.2.0 74.00 OK
r-oldrel-macos-x86_64 0.2.0 124.00 OK
r-oldrel-windows-ix86+x86_64 0.2.0 202.00 258.00 460.00 OK

Additional issues

clang14

Check Details

Version: 0.2.0
Check: whether package can be installed
Result: WARN
    Found the following significant warnings:
     MMModelClass.cpp:801:25: warning: use of bitwise '|' with boolean operands [-Wbitwise-instead-of-logical]
Flavors: r-devel-linux-x86_64-debian-clang, r-devel-linux-x86_64-fedora-clang