CRAN Package Check Results for Package NPflow

Last updated on 2022-06-29 03:52:46 CEST.

Flavor Version Tinstall Tcheck Ttotal Status Flags
r-devel-linux-x86_64-debian-clang 0.13.3 289.67 136.64 426.31 OK
r-devel-linux-x86_64-debian-gcc 0.13.3 231.01 99.95 330.96 OK
r-devel-linux-x86_64-fedora-clang 0.13.3 619.20 NOTE
r-devel-linux-x86_64-fedora-gcc 0.13.3 541.60 OK
r-devel-windows-x86_64 0.13.3 213.00 181.00 394.00 OK
r-patched-linux-x86_64 0.13.3 239.88 128.83 368.71 OK
r-release-linux-x86_64 0.13.3 246.22 127.10 373.32 OK
r-release-macos-arm64 0.13.3 118.00 NOTE
r-release-macos-x86_64 0.13.3 221.00 NOTE
r-release-windows-x86_64 0.13.3 213.00 184.00 397.00 OK
r-oldrel-macos-arm64 0.13.3 127.00 NOTE
r-oldrel-macos-x86_64 0.13.3 210.00 NOTE
r-oldrel-windows-ix86+x86_64 0.13.3 694.00 244.00 938.00 OK

Check Details

Version: 0.13.3
Check: installed package size
Result: NOTE
     installed size is 6.7Mb
     sub-directories of 1Mb or more:
     libs 6.0Mb
Flavors: r-devel-linux-x86_64-fedora-clang, r-release-macos-arm64, r-release-macos-x86_64, r-oldrel-macos-arm64, r-oldrel-macos-x86_64