Last updated on 2022-05-21 04:59:15 CEST.
Flavor | Version | Tinstall | Tcheck | Ttotal | Status | Flags |
---|---|---|---|---|---|---|
r-devel-linux-x86_64-debian-clang | 3.11 | 236.79 | 108.75 | 345.54 | WARN | |
r-devel-linux-x86_64-debian-gcc | 3.11 | 187.96 | 82.99 | 270.95 | OK | |
r-devel-linux-x86_64-fedora-clang | 3.11 | 531.57 | WARN | |||
r-devel-linux-x86_64-fedora-gcc | 3.11 | 437.47 | OK | |||
r-devel-windows-x86_64 | 3.11 | 182.00 | 141.00 | 323.00 | OK | |
r-patched-linux-x86_64 | 3.11 | 192.72 | 105.60 | 298.32 | OK | |
r-release-linux-x86_64 | 3.11 | 194.00 | 104.10 | 298.10 | OK | |
r-release-macos-arm64 | 3.11 | 128.00 | OK | |||
r-release-macos-x86_64 | 3.11 | 141.00 | OK | |||
r-release-windows-x86_64 | 3.11 | 175.00 | 141.00 | 316.00 | OK | |
r-oldrel-macos-arm64 | 3.11 | 110.00 | OK | |||
r-oldrel-macos-x86_64 | 3.11 | 181.00 | OK | |||
r-oldrel-windows-ix86+x86_64 | 3.11 | 577.00 | 168.00 | 745.00 | OK |
Version: 3.11
Check: whether package can be installed
Result: WARN
Found the following significant warnings:
rcpp_rmultinom.cpp:40:15: warning: use of bitwise '&' with boolean operands [-Wbitwise-instead-of-logical]
Flavors: r-devel-linux-x86_64-debian-clang, r-devel-linux-x86_64-fedora-clang