CRAN Package Check Results for Package NBAloveR

Last updated on 2022-06-25 15:51:26 CEST.

Flavor Version Tinstall Tcheck Ttotal Status Flags
r-devel-linux-x86_64-debian-clang 0.1.3.3 2.04 28.22 30.26 OK
r-devel-linux-x86_64-debian-gcc 0.1.3.3 2.14 22.12 24.26 OK
r-devel-linux-x86_64-fedora-clang 0.1.3.3 50.91 NOTE
r-devel-linux-x86_64-fedora-gcc 0.1.3.3 46.47 NOTE
r-devel-windows-x86_64 0.1.3.3 14.00 57.00 71.00 OK
r-patched-linux-x86_64 0.1.3.3 2.97 27.41 30.38 OK
r-release-linux-x86_64 0.1.3.3 1.75 26.88 28.63 OK
r-release-macos-arm64 0.1.3.3 16.00 NOTE
r-release-macos-x86_64 0.1.3.3 29.00 NOTE
r-release-windows-x86_64 0.1.3.3 20.00 56.00 76.00 OK
r-oldrel-macos-arm64 0.1.3.3 19.00 NOTE
r-oldrel-macos-x86_64 0.1.3.3 30.00 NOTE
r-oldrel-windows-ix86+x86_64 0.1.3.3 7.00 49.00 56.00 OK

Check Details

Version: 0.1.3.3
Check: data for non-ASCII characters
Result: NOTE
     Note: found 140 marked UTF-8 strings
Flavors: r-devel-linux-x86_64-fedora-clang, r-devel-linux-x86_64-fedora-gcc, r-release-macos-arm64, r-release-macos-x86_64, r-oldrel-macos-arm64, r-oldrel-macos-x86_64