CRAN Package Check Results for Package NAM

Last updated on 2022-06-26 15:53:05 CEST.

Flavor Version Tinstall Tcheck Ttotal Status Flags
r-devel-linux-x86_64-debian-clang 1.7.3 54.11 82.02 136.13 OK
r-devel-linux-x86_64-debian-gcc 1.7.3 44.39 62.04 106.43 OK
r-devel-linux-x86_64-fedora-clang 1.7.3 198.00 NOTE
r-devel-linux-x86_64-fedora-gcc 1.7.3 172.82 OK
r-devel-windows-x86_64 1.7.3 52.00 121.00 173.00 OK
r-patched-linux-x86_64 1.7.3 39.21 79.22 118.43 OK
r-release-linux-x86_64 1.7.3 41.25 80.19 121.44 OK
r-release-macos-arm64 1.7.3 40.00 NOTE
r-release-macos-x86_64 1.7.3 64.00 NOTE
r-release-windows-x86_64 1.7.3 44.00 121.00 165.00 OK
r-oldrel-macos-arm64 1.7.3 53.00 NOTE
r-oldrel-macos-x86_64 1.7.3 98.00 NOTE
r-oldrel-windows-ix86+x86_64 1.7.3 98.00 129.00 227.00 OK

Check Details

Version: 1.7.3
Check: installed package size
Result: NOTE
     installed size is 5.7Mb
     sub-directories of 1Mb or more:
     libs 3.4Mb
Flavors: r-devel-linux-x86_64-fedora-clang, r-release-macos-arm64, r-release-macos-x86_64, r-oldrel-macos-arm64, r-oldrel-macos-x86_64