CRAN Package Check Results for Package MultiVarSel

Last updated on 2022-05-27 15:51:45 CEST.

Flavor Version Tinstall Tcheck Ttotal Status Flags
r-devel-linux-x86_64-debian-clang 1.1.3 8.22 86.65 94.87 OK
r-devel-linux-x86_64-debian-gcc 1.1.3 6.56 65.33 71.89 OK
r-devel-linux-x86_64-fedora-clang 1.1.3 110.61 NOTE
r-devel-linux-x86_64-fedora-gcc 1.1.3 109.03 NOTE
r-devel-windows-x86_64 1.1.3 18.00 105.00 123.00 OK
r-patched-linux-x86_64 1.1.3 7.72 83.09 90.81 OK
r-release-linux-x86_64 1.1.3 8.96 83.44 92.40 OK
r-release-macos-arm64 1.1.3 31.00 NOTE
r-release-macos-x86_64 1.1.3 47.00 NOTE
r-release-windows-x86_64 1.1.3 28.00 105.00 133.00 OK
r-oldrel-macos-arm64 1.1.3 40.00 NOTE
r-oldrel-macos-x86_64 1.1.3 59.00 NOTE
r-oldrel-windows-ix86+x86_64 1.1.3 18.00 99.00 117.00 OK

Check Details

Version: 1.1.3
Check: data for non-ASCII characters
Result: NOTE
     Note: found 6 marked UTF-8 strings
Flavors: r-devel-linux-x86_64-fedora-clang, r-devel-linux-x86_64-fedora-gcc, r-release-macos-arm64, r-release-macos-x86_64, r-oldrel-macos-arm64, r-oldrel-macos-x86_64