Last updated on 2022-06-29 15:49:58 CEST.
Flavor | Version | Tinstall | Tcheck | Ttotal | Status | Flags |
---|---|---|---|---|---|---|
r-devel-linux-x86_64-debian-clang | 1.2 | 2.21 | 21.46 | 23.67 | NOTE | |
r-devel-linux-x86_64-debian-gcc | 1.2 | 1.65 | 16.76 | 18.41 | NOTE | |
r-devel-linux-x86_64-fedora-clang | 1.2 | 39.48 | NOTE | |||
r-devel-linux-x86_64-fedora-gcc | 1.2 | 38.15 | NOTE | |||
r-devel-windows-x86_64 | 1.2 | 13.00 | 45.00 | 58.00 | NOTE | |
r-patched-linux-x86_64 | 1.2 | 2.12 | 20.97 | 23.09 | NOTE | |
r-release-linux-x86_64 | 1.2 | 1.57 | 20.22 | 21.79 | NOTE | |
r-release-macos-arm64 | 1.2 | 12.00 | NOTE | |||
r-release-macos-x86_64 | 1.2 | 18.00 | NOTE | |||
r-release-windows-x86_64 | 1.2 | 4.00 | 44.00 | 48.00 | NOTE | |
r-oldrel-macos-arm64 | 1.2 | 20.00 | NOTE | |||
r-oldrel-macos-x86_64 | 1.2 | 25.00 | NOTE | |||
r-oldrel-windows-ix86+x86_64 | 1.2 | 4.00 | 37.00 | 41.00 | NOTE |
Version: 1.2
Check: LazyData
Result: NOTE
'LazyData' is specified without a 'data' directory
Flavors: r-devel-linux-x86_64-debian-clang, r-devel-linux-x86_64-debian-gcc, r-devel-linux-x86_64-fedora-clang, r-devel-linux-x86_64-fedora-gcc, r-devel-windows-x86_64, r-patched-linux-x86_64, r-release-linux-x86_64, r-release-macos-arm64, r-release-macos-x86_64, r-release-windows-x86_64, r-oldrel-macos-arm64, r-oldrel-macos-x86_64, r-oldrel-windows-ix86+x86_64