CRAN Package Check Results for Package MtreeRing

Last updated on 2024-07-20 15:48:49 CEST.

Flavor Version Tinstall Tcheck Ttotal Status Flags
r-devel-linux-x86_64-debian-clang 1.4.5 13.67 129.75 143.42 OK
r-devel-linux-x86_64-debian-gcc 1.4.5 11.26 94.33 105.59 OK
r-devel-linux-x86_64-fedora-clang 1.4.5 188.74 OK
r-devel-linux-x86_64-fedora-gcc 1.4.5 166.77 OK
r-devel-windows-x86_64 1.4.5 14.00 103.00 117.00 NOTE
r-patched-linux-x86_64 1.4.5 18.04 121.17 139.21 OK
r-release-linux-x86_64 1.4.5 12.16 121.48 133.64 OK
r-release-macos-arm64 1.4.5 50.00 OK
r-release-macos-x86_64 1.4.5 84.00 OK
r-release-windows-x86_64 1.4.5 13.00 104.00 117.00 OK
r-oldrel-macos-arm64 1.4.5 55.00 OK
r-oldrel-macos-x86_64 1.4.5 88.00 OK
r-oldrel-windows-x86_64 1.4.5 18.00 136.00 154.00 OK

Check Details

Version: 1.4.5
Check: Rd cross-references
Result: NOTE Found the following Rd file(s) with Rd \link{} targets missing package anchors: ring_detect.Rd: ringBorders, measuRing Please provide package anchors for all Rd \link{} targets not in the package itself and the base packages. Flavor: r-devel-windows-x86_64