CRAN Package Check Results for Package MrSGUIDE

Last updated on 2022-06-29 03:52:45 CEST.

Flavor Version Tinstall Tcheck Ttotal Status Flags
r-devel-linux-x86_64-debian-clang 0.1.2 141.56 83.63 225.19 OK
r-devel-linux-x86_64-debian-gcc 0.1.2 112.28 61.94 174.22 OK
r-devel-linux-x86_64-fedora-clang 0.1.2 337.17 NOTE
r-devel-linux-x86_64-fedora-gcc 0.1.2 299.47 OK
r-devel-windows-x86_64 0.1.2 125.00 123.00 248.00 OK
r-patched-linux-x86_64 0.1.2 113.03 80.67 193.70 OK
r-release-linux-x86_64 0.1.2 120.47 80.30 200.77 OK
r-release-macos-arm64 0.1.2 78.00 NOTE
r-release-macos-x86_64 0.1.2 94.00 NOTE
r-release-windows-x86_64 0.1.2 126.00 126.00 252.00 OK
r-oldrel-macos-arm64 0.1.2 258.00 NOTE
r-oldrel-macos-x86_64 0.1.2 112.00 NOTE
r-oldrel-windows-ix86+x86_64 0.1.2 352.00 154.00 506.00 NOTE

Check Details

Version: 0.1.2
Check: installed package size
Result: NOTE
     installed size is 6.8Mb
     sub-directories of 1Mb or more:
     doc 1.9Mb
     libs 4.6Mb
Flavors: r-devel-linux-x86_64-fedora-clang, r-release-macos-arm64, r-release-macos-x86_64, r-oldrel-macos-arm64, r-oldrel-macos-x86_64, r-oldrel-windows-ix86+x86_64