CRAN Package Check Results for Package Modelcharts

Last updated on 2022-05-28 15:51:02 CEST.

Flavor Version Tinstall Tcheck Ttotal Status Flags
r-devel-linux-x86_64-debian-clang 0.1.0 6.86 69.48 76.34 NOTE
r-devel-linux-x86_64-debian-gcc 0.1.0 4.60 52.80 57.40 NOTE
r-devel-linux-x86_64-fedora-clang 0.1.0 90.18 NOTE
r-devel-linux-x86_64-fedora-gcc 0.1.0 87.30 NOTE
r-devel-windows-x86_64 0.1.0 11.00 85.00 96.00 NOTE
r-patched-linux-x86_64 0.1.0 4.41 64.55 68.96 NOTE
r-release-linux-x86_64 0.1.0 4.19 64.63 68.82 NOTE
r-release-macos-arm64 0.1.0 26.00 NOTE
r-release-macos-x86_64 0.1.0 46.00 NOTE
r-release-windows-x86_64 0.1.0 12.00 88.00 100.00 NOTE
r-oldrel-macos-arm64 0.1.0 32.00 NOTE
r-oldrel-macos-x86_64 0.1.0 46.00 NOTE
r-oldrel-windows-ix86+x86_64 0.1.0 18.00 90.00 108.00 NOTE

Check Details

Version: 0.1.0
Check: LazyData
Result: NOTE
     'LazyData' is specified without a 'data' directory
Flavors: r-devel-linux-x86_64-debian-clang, r-devel-linux-x86_64-debian-gcc, r-devel-linux-x86_64-fedora-clang, r-devel-linux-x86_64-fedora-gcc, r-devel-windows-x86_64, r-patched-linux-x86_64, r-release-linux-x86_64, r-release-macos-arm64, r-release-macos-x86_64, r-release-windows-x86_64, r-oldrel-macos-arm64, r-oldrel-macos-x86_64, r-oldrel-windows-ix86+x86_64