Last updated on 2022-05-21 04:59:14 CEST.
Flavor | Version | Tinstall | Tcheck | Ttotal | Status | Flags |
---|---|---|---|---|---|---|
r-devel-linux-x86_64-debian-clang | 1.1 | 34.12 | 318.66 | 352.78 | OK | |
r-devel-linux-x86_64-debian-gcc | 1.1 | 30.05 | 236.27 | 266.32 | OK | |
r-devel-linux-x86_64-fedora-clang | 1.1 | 453.65 | NOTE | |||
r-devel-linux-x86_64-fedora-gcc | 1.1 | 463.53 | NOTE | |||
r-devel-windows-x86_64 | 1.1 | 43.00 | 299.00 | 342.00 | OK | |
r-patched-linux-x86_64 | 1.1 | 35.35 | 300.13 | 335.48 | OK | |
r-release-linux-x86_64 | 1.1 | 31.98 | 302.75 | 334.73 | OK | |
r-release-macos-arm64 | 1.1 | 103.00 | NOTE | |||
r-release-macos-x86_64 | 1.1 | 173.00 | NOTE | |||
r-release-windows-x86_64 | 1.1 | 38.00 | 302.00 | 340.00 | OK | |
r-oldrel-macos-arm64 | 1.1 | 98.00 | NOTE | |||
r-oldrel-macos-x86_64 | 1.1 | 140.00 | NOTE | |||
r-oldrel-windows-ix86+x86_64 | 1.1 | 73.00 | 291.00 | 364.00 | OK |
Version: 1.1
Check: dependencies in R code
Result: NOTE
Namespaces in Imports field not imported from:
‘MASS’ ‘Matrix’ ‘utils’
All declared Imports should be used.
Flavors: r-devel-linux-x86_64-fedora-clang, r-devel-linux-x86_64-fedora-gcc, r-release-macos-arm64, r-release-macos-x86_64, r-oldrel-macos-arm64, r-oldrel-macos-x86_64