CRAN Package Check Results for Package MetricGraph

Last updated on 2024-07-22 15:57:27 CEST.

Flavor Version Tinstall Tcheck Ttotal Status Flags
r-devel-linux-x86_64-debian-clang 1.3.0 83.13 254.16 337.29 NOTE
r-devel-linux-x86_64-debian-gcc 1.3.0 69.09 191.33 260.42 NOTE
r-devel-linux-x86_64-fedora-clang 1.3.0 447.85 OK
r-devel-linux-x86_64-fedora-gcc 1.3.0 470.09 OK
r-devel-windows-x86_64 1.3.0 66.00 205.00 271.00 OK
r-patched-linux-x86_64 1.3.0 65.68 238.33 304.01 NOTE
r-release-linux-x86_64 1.3.0 57.22 241.35 298.57 NOTE
r-release-macos-arm64 1.3.0 118.00 NOTE
r-release-macos-x86_64 1.3.0 161.00 NOTE
r-release-windows-x86_64 1.3.0 73.00 210.00 283.00 OK
r-oldrel-macos-arm64 1.3.0 117.00 NOTE
r-oldrel-macos-x86_64 1.3.0 301.00 NOTE
r-oldrel-windows-x86_64 1.3.0 93.00 270.00 363.00 NOTE

Check Details

Version: 1.3.0
Check: package dependencies
Result: NOTE Package suggested but not available for checking: ‘INLA’ Flavors: r-devel-linux-x86_64-debian-clang, r-devel-linux-x86_64-debian-gcc, r-patched-linux-x86_64, r-release-linux-x86_64, r-release-macos-arm64, r-release-macos-x86_64, r-oldrel-macos-arm64, r-oldrel-macos-x86_64, r-oldrel-windows-x86_64

Version: 1.3.0
Check: installed package size
Result: NOTE installed size is 12.8Mb sub-directories of 1Mb or more: libs 11.5Mb Flavors: r-release-macos-arm64, r-release-macos-x86_64, r-oldrel-macos-arm64, r-oldrel-macos-x86_64