Last updated on 2022-06-26 03:50:05 CEST.
Flavor | Version | Tinstall | Tcheck | Ttotal | Status | Flags |
---|---|---|---|---|---|---|
r-devel-linux-x86_64-debian-clang | 1.1.8 | 7.39 | 204.56 | 211.95 | OK | |
r-devel-linux-x86_64-debian-gcc | 1.1.8 | 5.70 | 153.23 | 158.93 | OK | |
r-devel-linux-x86_64-fedora-clang | 1.1.8 | 259.36 | WARN | |||
r-devel-linux-x86_64-fedora-gcc | 1.1.8 | 255.93 | WARN | |||
r-devel-windows-x86_64 | 1.1.8 | 22.00 | 230.00 | 252.00 | OK | |
r-patched-linux-x86_64 | 1.1.8 | 8.26 | 196.52 | 204.78 | OK | |
r-release-linux-x86_64 | 1.1.8 | 5.32 | 197.48 | 202.80 | OK | |
r-release-macos-arm64 | 1.1.8 | 79.00 | OK | |||
r-release-macos-x86_64 | 1.1.8 | 7.00 | ERROR | |||
r-release-windows-x86_64 | 1.1.8 | 30.00 | 226.00 | 256.00 | OK | |
r-oldrel-macos-arm64 | 1.1.8 | 131.00 | OK | |||
r-oldrel-macos-x86_64 | 1.1.8 | 6.00 | ERROR | |||
r-oldrel-windows-ix86+x86_64 | 1.1.8 | 21.00 | 305.00 | 326.00 | OK |
Version: 1.1.8
Check: package dependencies
Result: WARN
Requires (indirectly) orphaned package: ‘gtools’
Flavors: r-devel-linux-x86_64-fedora-clang, r-devel-linux-x86_64-fedora-gcc
Version: 1.1.8
Check: package dependencies
Result: ERROR
Package required but not available: ‘metagenomeSeq’
See section ‘The DESCRIPTION file’ in the ‘Writing R Extensions’
manual.
Flavors: r-release-macos-x86_64, r-oldrel-macos-x86_64