Last updated on 2023-12-07 15:48:23 CET.
Flavor | Version | Tinstall | Tcheck | Ttotal | Status | Flags |
---|---|---|---|---|---|---|
r-devel-linux-x86_64-debian-clang | 2.1.3 | 16.11 | 166.96 | 183.07 | OK | |
r-devel-linux-x86_64-debian-gcc | 2.1.3 | 12.46 | 121.39 | 133.85 | OK | |
r-devel-linux-x86_64-fedora-clang | 2.1.3 | 235.61 | NOTE | |||
r-devel-linux-x86_64-fedora-gcc | 2.1.3 | 225.43 | NOTE | |||
r-devel-windows-x86_64 | 2.1.3 | 15.00 | 140.00 | 155.00 | OK | |
r-patched-linux-x86_64 | 2.1.3 | 18.21 | 157.27 | 175.48 | OK | |
r-release-linux-x86_64 | 2.1.3 | 13.34 | 154.92 | 168.26 | OK | |
r-release-macos-arm64 | 2.1.3 | 68.00 | OK | |||
r-release-macos-x86_64 | 2.1.3 | 116.00 | OK | |||
r-release-windows-x86_64 | 2.1.3 | 22.00 | 173.00 | 195.00 | OK | |
r-oldrel-macos-arm64 | 2.1.3 | 64.00 | NOTE | |||
r-oldrel-macos-x86_64 | 2.1.3 | 114.00 | NOTE | |||
r-oldrel-windows-x86_64 | 2.1.3 | 21.00 | 182.00 | 203.00 | OK |
Version: 2.1.3
Check: package dependencies
Result: NOTE
Imports includes 35 non-default packages.
Importing from so many packages makes the package vulnerable to any of
them becoming unavailable. Move as many as possible to Suggests and
use conditionally.
Flavor: r-devel-linux-x86_64-fedora-clang
Version: 2.1.3
Check: dependencies in R code
Result: NOTE
Namespaces in Imports field not imported from:
‘BiocManager’ ‘DT’ ‘GEOmetadb’ ‘RMySQL’ ‘RSQLite’ ‘gplots’ ‘pheatmap’
‘readr’
All declared Imports should be used.
Flavors: r-devel-linux-x86_64-fedora-clang, r-devel-linux-x86_64-fedora-gcc, r-oldrel-macos-arm64, r-oldrel-macos-x86_64