Last updated on 2023-09-25 04:00:48 CEST.
Flavor | Version | Tinstall | Tcheck | Ttotal | Status | Flags |
---|---|---|---|---|---|---|
r-devel-linux-x86_64-debian-clang | 0.13 | 111.57 | 469.69 | 581.26 | OK | |
r-devel-linux-x86_64-debian-gcc | 0.13 | 80.64 | 341.51 | 422.15 | OK | |
r-devel-linux-x86_64-fedora-clang | 0.13 | 683.92 | OK | |||
r-devel-linux-x86_64-fedora-gcc | 0.13 | 734.02 | OK | |||
r-devel-windows-x86_64 | 0.13 | 74.00 | 368.00 | 442.00 | OK | |
r-patched-linux-x86_64 | 0.13 | 75.57 | 451.75 | 527.32 | OK | |
r-release-linux-x86_64 | 0.13 | 87.74 | 446.84 | 534.58 | OK | |
r-release-macos-arm64 | 0.13 | 170.00 | NOTE | |||
r-release-macos-x86_64 | 0.13 | 377.00 | NOTE | |||
r-release-windows-x86_64 | 0.13 | 97.00 | 469.00 | 566.00 | OK | |
r-oldrel-macos-arm64 | 0.13 | 195.00 | NOTE | |||
r-oldrel-macos-x86_64 | 0.13 | 303.00 | NOTE | |||
r-oldrel-windows-x86_64 | 0.13 | 92.00 | 465.00 | 557.00 | OK |
Version: 0.13
Check: installed package size
Result: NOTE
installed size is 19.3Mb
sub-directories of 1Mb or more:
libs 18.3Mb
Flavors: r-release-macos-arm64, r-release-macos-x86_64, r-oldrel-macos-arm64, r-oldrel-macos-x86_64
Version: 0.13
Check: R code for possible problems
Result: NOTE
ADPopSel: no visible global function definition for ‘%dorng%’
ADRand: no visible global function definition for ‘%dorng%’
ADSSMod: no visible global function definition for ‘%dorng%’
ADTreatSel: no visible global function definition for ‘%dorng%’
ClustRand: no visible global function definition for ‘%dorng%’
EventPred: no visible global function definition for ‘%dorng%’
FutRuleNCores: no visible global function definition for ‘%dorng%’
MultAdj1NCores: no visible global function definition for ‘%dorng%’
MultAdj2NCores: no visible global function definition for ‘%dorng%’
MultAdj3NCores: no visible global function definition for ‘%dorng%’
Undefined global functions or variables:
%dorng%
Flavors: r-release-macos-arm64, r-release-macos-x86_64, r-oldrel-macos-arm64, r-oldrel-macos-x86_64