CRAN Package Check Results for Package MazamaSpatialUtils

Last updated on 2022-09-25 15:56:46 CEST.

Flavor Version Tinstall Tcheck Ttotal Status Flags
r-devel-linux-x86_64-debian-clang 0.7.6 9.15 106.75 115.90 OK
r-devel-linux-x86_64-debian-gcc 0.7.6 8.73 81.29 90.02 OK
r-devel-linux-x86_64-fedora-clang 0.7.6 159.74 NOTE
r-devel-linux-x86_64-fedora-gcc 0.7.6 147.63 NOTE
r-devel-windows-x86_64 0.7.6 145.00 192.00 337.00 OK
r-patched-linux-x86_64 0.7.6 9.12 101.44 110.56 OK
r-release-linux-x86_64 0.7.6 6.92 100.08 107.00 OK
r-release-macos-arm64 0.7.6 47.00 NOTE
r-release-macos-x86_64 0.7.6 79.00 NOTE
r-release-windows-x86_64 0.7.6 292.00 174.00 466.00 OK
r-oldrel-macos-arm64 0.7.6 42.00 NOTE
r-oldrel-macos-x86_64 0.7.6 65.00 NOTE
r-oldrel-windows-ix86+x86_64 0.7.6 38.00 172.00 210.00 OK

Check Details

Version: 0.7.6
Check: data for non-ASCII characters
Result: NOTE
     Note: found 17 marked UTF-8 strings
Flavors: r-devel-linux-x86_64-fedora-clang, r-devel-linux-x86_64-fedora-gcc, r-release-macos-arm64, r-release-macos-x86_64, r-oldrel-macos-arm64, r-oldrel-macos-x86_64