CRAN Package Check Results for Package MatrixLDA

Last updated on 2022-06-27 03:51:17 CEST.

Flavor Version Tinstall Tcheck Ttotal Status Flags
r-devel-linux-x86_64-debian-clang 0.2 29.42 48.50 77.92 NOTE
r-devel-linux-x86_64-debian-gcc 0.2 27.85 38.00 65.85 NOTE
r-devel-linux-x86_64-fedora-clang 0.2 121.22 NOTE
r-devel-linux-x86_64-fedora-gcc 0.2 113.10 NOTE
r-devel-windows-x86_64 0.2 40.00 90.00 130.00 NOTE
r-patched-linux-x86_64 0.2 27.79 46.80 74.59 NOTE
r-release-linux-x86_64 0.2 29.35 46.61 75.96 NOTE
r-release-macos-arm64 0.2 36.00 NOTE
r-release-macos-x86_64 0.2 43.00 NOTE
r-release-windows-x86_64 0.2 41.00 91.00 132.00 NOTE
r-oldrel-macos-arm64 0.2 38.00 NOTE
r-oldrel-macos-x86_64 0.2 59.00 NOTE
r-oldrel-windows-ix86+x86_64 0.2 85.00 108.00 193.00 NOTE

Check Details

Version: 0.2
Check: LazyData
Result: NOTE
     'LazyData' is specified without a 'data' directory
Flavors: r-devel-linux-x86_64-debian-clang, r-devel-linux-x86_64-debian-gcc, r-devel-linux-x86_64-fedora-clang, r-devel-linux-x86_64-fedora-gcc, r-devel-windows-x86_64, r-patched-linux-x86_64, r-release-linux-x86_64, r-release-macos-arm64, r-release-macos-x86_64, r-release-windows-x86_64, r-oldrel-macos-arm64, r-oldrel-macos-x86_64, r-oldrel-windows-ix86+x86_64