CRAN Package Check Results for Package MatchIt

Last updated on 2024-02-27 15:48:17 CET.

Flavor Version Tinstall Tcheck Ttotal Status Flags
r-devel-linux-x86_64-debian-clang 4.5.5 116.06 206.08 322.14 ERROR
r-devel-linux-x86_64-debian-gcc 4.5.5 89.43 153.23 242.66 ERROR
r-devel-linux-x86_64-fedora-clang 4.5.5 281.62 NOTE
r-devel-linux-x86_64-fedora-gcc 4.5.5 353.07 NOTE
r-devel-windows-x86_64 4.5.5 85.00 205.00 290.00 NOTE
r-patched-linux-x86_64 4.5.5 100.52 203.16 303.68 NOTE
r-release-linux-x86_64 4.5.5 103.06 201.44 304.50 ERROR
r-release-macos-arm64 4.5.5 124.00 NOTE
r-release-macos-x86_64 4.5.5 256.00 NOTE
r-release-windows-x86_64 4.5.5 110.00 242.00 352.00 ERROR
r-oldrel-macos-arm64 4.5.5 107.00 NOTE
r-oldrel-windows-x86_64 4.5.5 103.00 227.00 330.00 ERROR

Check Details

Version: 4.5.5
Check: package dependencies
Result: NOTE Package suggested but not available for checking: ‘gurobi’ Flavors: r-devel-linux-x86_64-debian-clang, r-devel-linux-x86_64-debian-gcc, r-devel-linux-x86_64-fedora-clang, r-devel-linux-x86_64-fedora-gcc, r-devel-windows-x86_64, r-patched-linux-x86_64, r-release-linux-x86_64, r-release-macos-arm64, r-release-macos-x86_64, r-release-windows-x86_64, r-oldrel-macos-arm64, r-oldrel-windows-x86_64

Version: 4.5.5
Check: re-building of vignette outputs
Result: ERROR Error(s) in re-building vignettes: ... --- re-building ‘MatchIt.Rmd’ using rmarkdown --- finished re-building ‘MatchIt.Rmd’ --- re-building ‘assessing-balance.Rmd’ using rmarkdown Quitting from lines 274-282 [unnamed-chunk-17] (assessing-balance.Rmd) Error: processing vignette 'assessing-balance.Rmd' failed with diagnostics: attempt to select less than one element in get1index --- failed re-building ‘assessing-balance.Rmd’ --- re-building ‘estimating-effects.Rmd’ using rmarkdown --- finished re-building ‘estimating-effects.Rmd’ --- re-building ‘matching-methods.Rmd’ using rmarkdown --- finished re-building ‘matching-methods.Rmd’ --- re-building ‘sampling-weights.Rmd’ using rmarkdown --- finished re-building ‘sampling-weights.Rmd’ SUMMARY: processing the following file failed: ‘assessing-balance.Rmd’ Error: Vignette re-building failed. Execution halted Flavors: r-devel-linux-x86_64-debian-clang, r-devel-linux-x86_64-debian-gcc, r-release-linux-x86_64

Version: 4.5.5
Check: installed package size
Result: NOTE installed size is 5.8Mb sub-directories of 1Mb or more: doc 1.4Mb libs 3.3Mb Flavors: r-release-macos-arm64, r-release-macos-x86_64, r-oldrel-macos-arm64

Version: 4.5.5
Check: re-building of vignette outputs
Result: ERROR Error(s) in re-building vignettes: --- re-building 'MatchIt.Rmd' using rmarkdown --- finished re-building 'MatchIt.Rmd' --- re-building 'assessing-balance.Rmd' using rmarkdown Quitting from lines 274-282 [unnamed-chunk-17] (assessing-balance.Rmd) Error: processing vignette 'assessing-balance.Rmd' failed with diagnostics: attempt to select less than one element in get1index --- failed re-building 'assessing-balance.Rmd' --- re-building 'estimating-effects.Rmd' using rmarkdown --- finished re-building 'estimating-effects.Rmd' --- re-building 'matching-methods.Rmd' using rmarkdown --- finished re-building 'matching-methods.Rmd' --- re-building 'sampling-weights.Rmd' using rmarkdown --- finished re-building 'sampling-weights.Rmd' SUMMARY: processing the following file failed: 'assessing-balance.Rmd' Error: Vignette re-building failed. Execution halted Flavors: r-release-windows-x86_64, r-oldrel-windows-x86_64