Last updated on 2022-05-23 03:57:00 CEST.
Flavor | Version | Tinstall | Tcheck | Ttotal | Status | Flags |
---|---|---|---|---|---|---|
r-devel-linux-x86_64-debian-clang | 3.4.0 | 60.62 | 407.52 | 468.14 | OK | |
r-devel-linux-x86_64-debian-gcc | 3.4.0 | 50.87 | 296.06 | 346.93 | OK | |
r-devel-linux-x86_64-fedora-clang | 3.4.0 | 571.94 | OK | |||
r-devel-linux-x86_64-fedora-gcc | 3.4.0 | 540.16 | OK | |||
r-devel-windows-x86_64 | 3.4.0 | 403.00 | 434.00 | 837.00 | OK | |
r-patched-linux-x86_64 | 3.4.0 | 50.05 | 382.28 | 432.33 | OK | |
r-release-linux-x86_64 | 3.4.0 | 39.87 | 381.73 | 421.60 | OK | |
r-release-macos-arm64 | 3.4.0 | 135.00 | OK | |||
r-release-macos-x86_64 | 3.4.0 | 256.00 | NOTE | |||
r-release-windows-x86_64 | 3.4.0 | 400.00 | 431.00 | 831.00 | OK | |
r-oldrel-macos-arm64 | 3.4.0 | 137.00 | OK | |||
r-oldrel-macos-x86_64 | 3.4.0 | 180.00 | OK | |||
r-oldrel-windows-ix86+x86_64 | 3.4.0 | 106.00 | 577.00 | 683.00 | OK |
Version: 3.4.0
Check: package dependencies
Result: NOTE
Package suggested but not available for checking: ‘bartMachine’
Flavor: r-release-macos-x86_64
Version: 3.4.0
Check: Rd cross-references
Result: NOTE
Package unavailable to check Rd xrefs: ‘bartMachine’
Flavor: r-release-macos-x86_64