Last updated on 2022-05-26 15:53:16 CEST.
Flavor | Version | Tinstall | Tcheck | Ttotal | Status | Flags |
---|---|---|---|---|---|---|
r-devel-linux-x86_64-debian-clang | 2.1.0 | 12.95 | 114.25 | 127.20 | NOTE | |
r-devel-linux-x86_64-debian-gcc | 2.1.0 | 10.86 | 98.36 | 109.22 | NOTE | |
r-devel-linux-x86_64-fedora-clang | 2.1.0 | 158.17 | NOTE | |||
r-devel-linux-x86_64-fedora-gcc | 2.1.0 | 143.79 | NOTE | |||
r-devel-windows-x86_64 | 2.1.0 | 16.00 | 120.00 | 136.00 | NOTE | |
r-patched-linux-x86_64 | 2.1.0 | 8.73 | 104.43 | 113.16 | NOTE | |
r-release-linux-x86_64 | 2.1.0 | NOTE | ||||
r-release-macos-arm64 | 2.1.0 | 41.00 | NOTE | |||
r-release-macos-x86_64 | 2.1.0 | 73.00 | NOTE | |||
r-release-windows-x86_64 | 2.1.0 | 19.00 | 123.00 | 142.00 | NOTE | |
r-oldrel-macos-arm64 | 2.1.0 | 48.00 | NOTE | |||
r-oldrel-macos-x86_64 | 2.1.0 | 82.00 | NOTE | |||
r-oldrel-windows-ix86+x86_64 | 2.1.0 | 27.00 | 120.00 | 147.00 | NOTE |
Version: 2.1.0
Check: LazyData
Result: NOTE
'LazyData' is specified without a 'data' directory
Flavors: r-devel-linux-x86_64-debian-clang, r-devel-linux-x86_64-debian-gcc, r-devel-linux-x86_64-fedora-clang, r-devel-linux-x86_64-fedora-gcc, r-devel-windows-x86_64, r-patched-linux-x86_64, r-release-linux-x86_64, r-release-macos-arm64, r-release-macos-x86_64, r-release-windows-x86_64, r-oldrel-macos-arm64, r-oldrel-macos-x86_64, r-oldrel-windows-ix86+x86_64