CRAN Package Check Results for Package MTLR

Last updated on 2022-06-25 03:51:03 CEST.

Flavor Version Tinstall Tcheck Ttotal Status Flags
r-devel-linux-x86_64-debian-clang 0.2.1 33.41 70.43 103.84 NOTE
r-devel-linux-x86_64-debian-gcc 0.2.1 30.37 52.41 82.78 NOTE
r-devel-linux-x86_64-fedora-clang 0.2.1 156.22 NOTE
r-devel-linux-x86_64-fedora-gcc 0.2.1 138.05 NOTE
r-devel-windows-x86_64 0.2.1 57.00 117.00 174.00 NOTE
r-patched-linux-x86_64 0.2.1 31.02 67.63 98.65 NOTE
r-release-linux-x86_64 0.2.1 32.72 67.39 100.11 NOTE
r-release-macos-arm64 0.2.1 42.00 NOTE
r-release-macos-x86_64 0.2.1 54.00 NOTE
r-release-windows-x86_64 0.2.1 50.00 124.00 174.00 NOTE
r-oldrel-macos-arm64 0.2.1 50.00 NOTE
r-oldrel-macos-x86_64 0.2.1 80.00 NOTE
r-oldrel-windows-ix86+x86_64 0.2.1 88.00 138.00 226.00 NOTE

Check Details

Version: 0.2.1
Check: LazyData
Result: NOTE
     'LazyData' is specified without a 'data' directory
Flavors: r-devel-linux-x86_64-debian-clang, r-devel-linux-x86_64-debian-gcc, r-devel-linux-x86_64-fedora-clang, r-devel-linux-x86_64-fedora-gcc, r-devel-windows-x86_64, r-patched-linux-x86_64, r-release-linux-x86_64, r-release-macos-arm64, r-release-macos-x86_64, r-release-windows-x86_64, r-oldrel-macos-arm64, r-oldrel-macos-x86_64, r-oldrel-windows-ix86+x86_64