Last updated on 2022-05-18 15:49:08 CEST.
Flavor | Version | Tinstall | Tcheck | Ttotal | Status | Flags |
---|---|---|---|---|---|---|
r-devel-linux-x86_64-debian-clang | 1.1.1 | 5.92 | 191.31 | 197.23 | NOTE | |
r-devel-linux-x86_64-debian-gcc | 1.1.1 | 3.85 | 137.91 | 141.76 | NOTE | |
r-devel-linux-x86_64-fedora-clang | 1.1.1 | 223.14 | NOTE | |||
r-devel-linux-x86_64-fedora-gcc | 1.1.1 | 234.89 | NOTE | |||
r-devel-windows-x86_64 | 1.1.1 | 59.00 | 224.00 | 283.00 | NOTE | |
r-patched-linux-x86_64 | 1.1.1 | 4.83 | 183.06 | 187.89 | NOTE | |
r-release-linux-x86_64 | 1.1.1 | 4.95 | 184.46 | 189.41 | NOTE | |
r-release-macos-arm64 | 1.1.1 | 113.00 | NOTE | |||
r-release-macos-x86_64 | 1.1.1 | 119.00 | NOTE | |||
r-release-windows-x86_64 | 1.1.1 | 48.00 | 226.00 | 274.00 | NOTE | |
r-oldrel-macos-arm64 | 1.1.1 | 172.00 | NOTE | |||
r-oldrel-macos-x86_64 | 1.1.1 | 192.00 | NOTE | |||
r-oldrel-windows-ix86+x86_64 | 1.1.1 | 12.00 | 190.00 | 202.00 | NOTE |
Version: 1.1.1
Check: LazyData
Result: NOTE
'LazyData' is specified without a 'data' directory
Flavors: r-devel-linux-x86_64-debian-clang, r-devel-linux-x86_64-debian-gcc, r-devel-linux-x86_64-fedora-clang, r-devel-linux-x86_64-fedora-gcc, r-devel-windows-x86_64, r-patched-linux-x86_64, r-release-linux-x86_64, r-release-macos-arm64, r-release-macos-x86_64, r-release-windows-x86_64, r-oldrel-macos-arm64, r-oldrel-macos-x86_64, r-oldrel-windows-ix86+x86_64