Last updated on 2023-06-10 03:56:28 CEST.
Flavor | Version | Tinstall | Tcheck | Ttotal | Status | Flags |
---|---|---|---|---|---|---|
r-devel-linux-x86_64-debian-clang | 0.8.0 | 43.96 | 53.89 | 97.85 | NOTE | |
r-devel-linux-x86_64-debian-gcc | 0.8.0 | 37.43 | 41.18 | 78.61 | NOTE | |
r-devel-linux-x86_64-fedora-clang | 0.8.0 | 138.07 | NOTE | |||
r-devel-linux-x86_64-fedora-gcc | 0.8.0 | 139.42 | NOTE | |||
r-devel-windows-x86_64 | 0.8.0 | 39.00 | 76.00 | 115.00 | NOTE | |
r-patched-linux-x86_64 | 0.8.0 | 46.82 | 51.61 | 98.43 | NOTE | |
r-release-linux-x86_64 | 0.8.0 | 42.92 | 52.29 | 95.21 | NOTE | |
r-release-macos-arm64 | 0.8.0 | 44.00 | NOTE | |||
r-release-macos-x86_64 | 0.8.0 | 58.00 | NOTE | |||
r-release-windows-x86_64 | 0.8.0 | 48.00 | 90.00 | 138.00 | NOTE | |
r-oldrel-macos-arm64 | 0.8.0 | 42.00 | NOTE | |||
r-oldrel-macos-x86_64 | 0.8.0 | 72.00 | NOTE | |||
r-oldrel-windows-x86_64 | 0.8.0 | 47.00 | 88.00 | 135.00 | NOTE |
Version: 0.8.0
Check: LazyData
Result: NOTE
'LazyData' is specified without a 'data' directory
Flavors: r-devel-linux-x86_64-debian-clang, r-devel-linux-x86_64-debian-gcc, r-devel-linux-x86_64-fedora-clang, r-devel-linux-x86_64-fedora-gcc, r-devel-windows-x86_64, r-patched-linux-x86_64, r-release-linux-x86_64, r-release-macos-arm64, r-release-macos-x86_64, r-release-windows-x86_64, r-oldrel-macos-arm64, r-oldrel-macos-x86_64, r-oldrel-windows-x86_64