CRAN Package Check Results for Package MMD

Last updated on 2022-06-27 03:51:18 CEST.

Flavor Version Tinstall Tcheck Ttotal Status Flags
r-devel-linux-x86_64-debian-clang 1.0.0 3.93 71.07 75.00 NOTE
r-devel-linux-x86_64-debian-gcc 1.0.0 2.99 52.34 55.33 NOTE
r-devel-linux-x86_64-fedora-clang 1.0.0 101.35 NOTE
r-devel-linux-x86_64-fedora-gcc 1.0.0 95.76 NOTE
r-devel-windows-x86_64 1.0.0 13.00 98.00 111.00 NOTE
r-patched-linux-x86_64 1.0.0 3.46 67.00 70.46 NOTE
r-release-linux-x86_64 1.0.0 3.87 68.48 72.35 NOTE
r-release-macos-arm64 1.0.0 29.00 NOTE
r-release-macos-x86_64 1.0.0 39.00 NOTE
r-release-windows-x86_64 1.0.0 11.00 98.00 109.00 NOTE
r-oldrel-macos-arm64 1.0.0 31.00 NOTE
r-oldrel-macos-x86_64 1.0.0 58.00 NOTE
r-oldrel-windows-ix86+x86_64 1.0.0 9.00 91.00 100.00 NOTE

Check Details

Version: 1.0.0
Check: LazyData
Result: NOTE
     'LazyData' is specified without a 'data' directory
Flavors: r-devel-linux-x86_64-debian-clang, r-devel-linux-x86_64-debian-gcc, r-devel-linux-x86_64-fedora-clang, r-devel-linux-x86_64-fedora-gcc, r-devel-windows-x86_64, r-patched-linux-x86_64, r-release-linux-x86_64, r-release-macos-arm64, r-release-macos-x86_64, r-release-windows-x86_64, r-oldrel-macos-arm64, r-oldrel-macos-x86_64, r-oldrel-windows-ix86+x86_64