Last updated on 2022-05-24 15:52:51 CEST.
Flavor | Version | Tinstall | Tcheck | Ttotal | Status | Flags |
---|---|---|---|---|---|---|
r-devel-linux-x86_64-debian-clang | 2.1.0 | 75.65 | 95.89 | 171.54 | NOTE | |
r-devel-linux-x86_64-debian-gcc | 2.1.0 | 64.30 | 73.83 | 138.13 | NOTE | |
r-devel-linux-x86_64-fedora-clang | 2.1.0 | 225.27 | NOTE | |||
r-devel-linux-x86_64-fedora-gcc | 2.1.0 | 215.42 | OK | |||
r-devel-windows-x86_64 | 2.1.0 | 48.00 | 126.00 | 174.00 | OK | |
r-patched-linux-x86_64 | 2.1.0 | 72.95 | 93.02 | 165.97 | OK | |
r-release-linux-x86_64 | 2.1.0 | OK | ||||
r-release-macos-arm64 | 2.1.0 | 59.00 | NOTE | |||
r-release-macos-x86_64 | 2.1.0 | 78.00 | NOTE | |||
r-release-windows-x86_64 | 2.1.0 | 48.00 | 126.00 | 174.00 | OK | |
r-oldrel-macos-arm64 | 2.1.0 | 53.00 | NOTE | |||
r-oldrel-macos-x86_64 | 2.1.0 | 74.00 | NOTE | |||
r-oldrel-windows-ix86+x86_64 | 2.1.0 | 146.00 | 150.00 | 296.00 | OK |
Version: 2.1.0
Check: HTML version of manual
Result: NOTE
Found the following problems:
MMEst.Rd:173:38: Warning: <code> is probably intended as </code>
MMEst.Rd:173:64: Warning: discarding unexpected </code>
MMEst.Rd:173:73: Warning: discarding unexpected </code>
Flavors: r-devel-linux-x86_64-debian-clang, r-devel-linux-x86_64-debian-gcc
Version: 2.1.0
Check: installed package size
Result: NOTE
installed size is 17.6Mb
sub-directories of 1Mb or more:
libs 16.9Mb
Flavors: r-devel-linux-x86_64-fedora-clang, r-release-macos-arm64, r-release-macos-x86_64, r-oldrel-macos-arm64, r-oldrel-macos-x86_64