Last updated on 2023-12-10 15:50:34 CET.
Flavor | Version | Tinstall | Tcheck | Ttotal | Status | Flags |
---|---|---|---|---|---|---|
r-devel-linux-x86_64-debian-clang | 3.0.2 | 77.64 | 106.49 | 184.13 | OK | |
r-devel-linux-x86_64-debian-gcc | 3.0.2 | 65.82 | 81.16 | 146.98 | OK | |
r-devel-linux-x86_64-fedora-clang | 3.0.2 | 230.69 | OK | |||
r-devel-linux-x86_64-fedora-gcc | 3.0.2 | 249.62 | OK | |||
r-devel-windows-x86_64 | 3.0.2 | 56.00 | 111.00 | 167.00 | OK | |
r-patched-linux-x86_64 | 3.0.2 | 74.19 | 104.01 | 178.20 | OK | |
r-release-linux-x86_64 | 3.0.2 | 73.25 | 104.68 | 177.93 | OK | |
r-release-macos-arm64 | 3.0.2 | 73.00 | NOTE | |||
r-release-macos-x86_64 | 3.0.2 | 115.00 | NOTE | |||
r-release-windows-x86_64 | 3.0.2 | 72.00 | 132.00 | 204.00 | OK | |
r-oldrel-macos-arm64 | 3.0.2 | 98.00 | NOTE | |||
r-oldrel-macos-x86_64 | 3.0.2 | 90.00 | NOTE | |||
r-oldrel-windows-x86_64 | 3.0.2 | 70.00 | 132.00 | 202.00 | OK |
Version: 3.0.2
Check: installed package size
Result: NOTE
installed size is 22.1Mb
sub-directories of 1Mb or more:
libs 21.4Mb
Flavors: r-release-macos-arm64, r-release-macos-x86_64, r-oldrel-macos-arm64, r-oldrel-macos-x86_64