CRAN Package Check Results for Package MLID

Last updated on 2022-05-26 03:53:14 CEST.

Flavor Version Tinstall Tcheck Ttotal Status Flags
r-devel-linux-x86_64-debian-clang 1.0.1 7.65 116.35 124.00 OK
r-devel-linux-x86_64-debian-gcc 1.0.1 6.36 90.04 96.40 OK
r-devel-linux-x86_64-fedora-clang 1.0.1 148.10 NOTE
r-devel-linux-x86_64-fedora-gcc 1.0.1 148.39 NOTE
r-devel-windows-x86_64 1.0.1 25.00 141.00 166.00 OK
r-patched-linux-x86_64 1.0.1 7.68 117.44 125.12 OK
r-release-linux-x86_64 1.0.1 OK
r-release-macos-arm64 1.0.1 52.00 NOTE
r-release-macos-x86_64 1.0.1 83.00 NOTE
r-release-windows-x86_64 1.0.1 22.00 138.00 160.00 OK
r-oldrel-macos-arm64 1.0.1 73.00 NOTE
r-oldrel-macos-x86_64 1.0.1 66.00 NOTE
r-oldrel-windows-ix86+x86_64 1.0.1 17.00 143.00 160.00 OK

Check Details

Version: 1.0.1
Check: dependencies in R code
Result: NOTE
    Namespace in Imports field not imported from: ‘nlme’
     All declared Imports should be used.
Flavors: r-devel-linux-x86_64-fedora-clang, r-devel-linux-x86_64-fedora-gcc, r-release-macos-arm64, r-release-macos-x86_64, r-oldrel-macos-arm64, r-oldrel-macos-x86_64