Last updated on 2022-07-02 15:52:23 CEST.
Flavor | Version | Tinstall | Tcheck | Ttotal | Status | Flags |
---|---|---|---|---|---|---|
r-devel-linux-x86_64-debian-clang | 1.6.0 | 62.10 | 341.32 | 403.42 | OK | |
r-devel-linux-x86_64-debian-gcc | 1.6.0 | 47.64 | 231.94 | 279.58 | OK | |
r-devel-linux-x86_64-fedora-clang | 1.6.0 | 517.92 | OK | |||
r-devel-linux-x86_64-fedora-gcc | 1.6.0 | 484.18 | OK | |||
r-devel-windows-x86_64 | 1.6.0 | 117.00 | 400.00 | 517.00 | OK | |
r-patched-linux-x86_64 | 1.6.0 | 57.31 | 321.24 | 378.55 | OK | |
r-release-linux-x86_64 | 1.6.0 | 60.66 | 320.40 | 381.06 | OK | |
r-release-macos-arm64 | 1.6.0 | 104.00 | OK | |||
r-release-macos-x86_64 | 1.6.0 | 144.00 | OK | |||
r-release-windows-x86_64 | 1.6.0 | 102.00 | 399.00 | 501.00 | OK | |
r-oldrel-macos-arm64 | 1.6.0 | 121.00 | OK | |||
r-oldrel-macos-x86_64 | 1.6.0 | 211.00 | OK | |||
r-oldrel-windows-ix86+x86_64 | 1.6.0 | 132.00 | 399.00 | 531.00 | NOTE |
Version: 1.6.0
Check: installed package size
Result: NOTE
installed size is 5.0Mb
sub-directories of 1Mb or more:
doc 2.2Mb
libs 2.1Mb
Flavor: r-oldrel-windows-ix86+x86_64