CRAN Package Check Results for Package MEPDF

Last updated on 2022-06-28 03:51:36 CEST.

Flavor Version Tinstall Tcheck Ttotal Status Flags
r-devel-linux-x86_64-debian-clang 3.0 3.17 32.16 35.33 NOTE
r-devel-linux-x86_64-debian-gcc 3.0 2.48 24.18 26.66 NOTE
r-devel-linux-x86_64-fedora-clang 3.0 54.28 WARN
r-devel-linux-x86_64-fedora-gcc 3.0 51.66 WARN
r-devel-windows-x86_64 3.0 9.00 59.00 68.00 NOTE
r-patched-linux-x86_64 3.0 3.20 30.31 33.51 NOTE
r-release-linux-x86_64 3.0 2.65 30.02 32.67 NOTE
r-release-macos-arm64 3.0 16.00 NOTE
r-release-macos-x86_64 3.0 25.00 NOTE
r-release-windows-x86_64 3.0 9.00 58.00 67.00 NOTE
r-oldrel-macos-arm64 3.0 19.00 NOTE
r-oldrel-macos-x86_64 3.0 32.00 NOTE
r-oldrel-windows-ix86+x86_64 3.0 7.00 52.00 59.00 NOTE

Check Details

Version: 3.0
Check: LazyData
Result: NOTE
     'LazyData' is specified without a 'data' directory
Flavors: r-devel-linux-x86_64-debian-clang, r-devel-linux-x86_64-debian-gcc, r-devel-linux-x86_64-fedora-clang, r-devel-linux-x86_64-fedora-gcc, r-devel-windows-x86_64, r-patched-linux-x86_64, r-release-linux-x86_64, r-release-macos-arm64, r-release-macos-x86_64, r-release-windows-x86_64, r-oldrel-macos-arm64, r-oldrel-macos-x86_64, r-oldrel-windows-ix86+x86_64

Version: 3.0
Check: package dependencies
Result: WARN
    Requires orphaned package: ‘gtools’
Flavors: r-devel-linux-x86_64-fedora-clang, r-devel-linux-x86_64-fedora-gcc