CRAN Package Check Results for Package MDplot

Last updated on 2022-05-20 15:52:11 CEST.

Flavor Version Tinstall Tcheck Ttotal Status Flags
r-devel-linux-x86_64-debian-clang 1.0.1 5.61 77.92 83.53 OK
r-devel-linux-x86_64-debian-gcc 1.0.1 4.51 58.99 63.50 OK
r-devel-linux-x86_64-fedora-clang 1.0.1 101.68 NOTE
r-devel-linux-x86_64-fedora-gcc 1.0.1 99.93 OK
r-devel-windows-x86_64 1.0.1 44.00 98.00 142.00 NOTE
r-patched-linux-x86_64 1.0.1 5.97 77.03 83.00 OK
r-release-linux-x86_64 1.0.1 6.77 77.02 83.79 OK
r-release-macos-arm64 1.0.1 32.00 NOTE
r-release-macos-x86_64 1.0.1 48.00 NOTE
r-release-windows-x86_64 1.0.1 33.00 101.00 134.00 NOTE
r-oldrel-macos-arm64 1.0.1 40.00 NOTE
r-oldrel-macos-x86_64 1.0.1 66.00 NOTE
r-oldrel-windows-ix86+x86_64 1.0.1 13.00 88.00 101.00 NOTE

Check Details

Version: 1.0.1
Check: installed package size
Result: NOTE
     installed size is 7.6Mb
     sub-directories of 1Mb or more:
     doc 1.9Mb
     extdata 5.3Mb
Flavors: r-devel-linux-x86_64-fedora-clang, r-devel-windows-x86_64, r-release-macos-arm64, r-release-macos-x86_64, r-release-windows-x86_64, r-oldrel-macos-arm64, r-oldrel-macos-x86_64, r-oldrel-windows-ix86+x86_64