CRAN Package Check Results for Package MCPModGeneral

Last updated on 2022-05-26 15:53:15 CEST.

Flavor Version Tinstall Tcheck Ttotal Status Flags
r-devel-linux-x86_64-debian-clang 0.1-1 3.60 75.58 79.18 NOTE
r-devel-linux-x86_64-debian-gcc 0.1-1 3.50 62.77 66.27 NOTE
r-devel-linux-x86_64-fedora-clang 0.1-1 95.99 NOTE
r-devel-linux-x86_64-fedora-gcc 0.1-1 91.14 NOTE
r-devel-windows-x86_64 0.1-1 22.00 115.00 137.00 NOTE
r-patched-linux-x86_64 0.1-1 3.24 71.75 74.99 NOTE
r-release-linux-x86_64 0.1-1 NOTE
r-release-macos-arm64 0.1-1 33.00 NOTE
r-release-macos-x86_64 0.1-1 40.00 NOTE
r-release-windows-x86_64 0.1-1 18.00 122.00 140.00 NOTE
r-oldrel-macos-arm64 0.1-1 46.00 NOTE
r-oldrel-macos-x86_64 0.1-1 59.00 NOTE
r-oldrel-windows-ix86+x86_64 0.1-1 9.00 114.00 123.00 NOTE

Check Details

Version: 0.1-1
Check: LazyData
Result: NOTE
     'LazyData' is specified without a 'data' directory
Flavors: r-devel-linux-x86_64-debian-clang, r-devel-linux-x86_64-debian-gcc, r-devel-linux-x86_64-fedora-clang, r-devel-linux-x86_64-fedora-gcc, r-devel-windows-x86_64, r-patched-linux-x86_64, r-release-linux-x86_64, r-release-macos-arm64, r-release-macos-x86_64, r-release-windows-x86_64, r-oldrel-macos-arm64, r-oldrel-macos-x86_64, r-oldrel-windows-ix86+x86_64