CRAN Package Check Results for Package MCMCtreeR

Last updated on 2022-05-23 03:57:00 CEST.

Flavor Version Tinstall Tcheck Ttotal Status Flags
r-devel-linux-x86_64-debian-clang 1.1 7.67 104.71 112.38 OK
r-devel-linux-x86_64-debian-gcc 1.1 5.80 76.45 82.25 OK
r-devel-linux-x86_64-fedora-clang 1.1 129.83 NOTE
r-devel-linux-x86_64-fedora-gcc 1.1 126.13 OK
r-devel-windows-x86_64 1.1 26.00 160.00 186.00 NOTE
r-patched-linux-x86_64 1.1 7.97 97.57 105.54 OK
r-release-linux-x86_64 1.1 6.44 96.53 102.97 OK
r-release-macos-arm64 1.1 57.00 NOTE
r-release-macos-x86_64 1.1 81.00 NOTE
r-release-windows-x86_64 1.1 25.00 162.00 187.00 NOTE
r-oldrel-macos-arm64 1.1 48.00 NOTE
r-oldrel-macos-x86_64 1.1 111.00 NOTE
r-oldrel-windows-ix86+x86_64 1.1 18.00 133.00 151.00 NOTE

Check Details

Version: 1.1
Check: installed package size
Result: NOTE
     installed size is 7.4Mb
     sub-directories of 1Mb or more:
     doc 6.8Mb
Flavors: r-devel-linux-x86_64-fedora-clang, r-devel-windows-x86_64, r-release-macos-arm64, r-release-macos-x86_64, r-release-windows-x86_64, r-oldrel-macos-arm64, r-oldrel-macos-x86_64, r-oldrel-windows-ix86+x86_64