Last updated on 2022-05-17 04:50:36 CEST.
Flavor | Version | Tinstall | Tcheck | Ttotal | Status | Flags |
---|---|---|---|---|---|---|
r-devel-linux-x86_64-debian-clang | 1.6-3 | 592.18 | 149.83 | 742.01 | OK | |
r-devel-linux-x86_64-debian-gcc | 1.6-3 | 360.14 | 112.84 | 472.98 | OK | |
r-devel-linux-x86_64-fedora-clang | 1.6-3 | 1141.56 | NOTE | |||
r-devel-linux-x86_64-fedora-gcc | 1.6-3 | 759.24 | OK | |||
r-devel-windows-x86_64 | 1.6-3 | 326.00 | 201.00 | 527.00 | OK | |
r-patched-linux-x86_64 | 1.6-3 | 361.26 | 142.88 | 504.14 | OK | |
r-release-linux-x86_64 | 1.6-3 | 374.80 | 142.89 | 517.69 | OK | |
r-release-macos-arm64 | 1.6-3 | 267.00 | NOTE | |||
r-release-macos-x86_64 | 1.6-3 | 282.00 | NOTE | |||
r-release-windows-x86_64 | 1.6-3 | 313.00 | 194.00 | 507.00 | OK | |
r-oldrel-macos-arm64 | 1.6-3 | 211.00 | NOTE | |||
r-oldrel-macos-x86_64 | 1.6-3 | 287.00 | NOTE | |||
r-oldrel-windows-ix86+x86_64 | 1.6-3 | 844.00 | 228.00 | 1072.00 | NOTE |
Version: 1.6-3
Check: installed package size
Result: NOTE
installed size is 35.2Mb
sub-directories of 1Mb or more:
libs 34.0Mb
Flavors: r-devel-linux-x86_64-fedora-clang, r-release-macos-arm64, r-release-macos-x86_64, r-oldrel-macos-arm64, r-oldrel-macos-x86_64, r-oldrel-windows-ix86+x86_64