CRAN Package Check Results for Package MCDA

Last updated on 2022-06-28 03:51:36 CEST.

Flavor Version Tinstall Tcheck Ttotal Status Flags
r-devel-linux-x86_64-debian-clang 0.0.21 18.87 147.05 165.92 NOTE
r-devel-linux-x86_64-debian-gcc 0.0.21 11.79 111.07 122.86 NOTE
r-devel-linux-x86_64-fedora-clang 0.0.21 212.32 NOTE
r-devel-linux-x86_64-fedora-gcc 0.0.21 203.42 NOTE
r-devel-windows-x86_64 0.0.21 199.00 164.00 363.00 NOTE
r-patched-linux-x86_64 0.0.21 13.59 140.29 153.88 NOTE
r-release-linux-x86_64 0.0.21 14.63 140.76 155.39 NOTE
r-release-macos-arm64 0.0.21 65.00 NOTE
r-release-macos-x86_64 0.0.21 77.00 NOTE
r-release-windows-x86_64 0.0.21 27.00 161.00 188.00 NOTE
r-oldrel-macos-arm64 0.0.21 73.00 NOTE
r-oldrel-macos-x86_64 0.0.21 108.00 NOTE
r-oldrel-windows-ix86+x86_64 0.0.21 24.00 231.00 255.00 NOTE

Check Details

Version: 0.0.21
Check: package dependencies
Result: NOTE
    Package suggested but not available for checking: 'cplexAPI'
Flavors: r-devel-linux-x86_64-debian-clang, r-devel-linux-x86_64-debian-gcc, r-devel-linux-x86_64-fedora-clang, r-devel-linux-x86_64-fedora-gcc, r-devel-windows-x86_64, r-patched-linux-x86_64, r-release-linux-x86_64, r-release-macos-arm64, r-release-macos-x86_64, r-release-windows-x86_64, r-oldrel-macos-arm64, r-oldrel-macos-x86_64, r-oldrel-windows-ix86+x86_64